{"id":3141,"date":"2015-11-26T15:06:05","date_gmt":"2015-11-26T13:06:05","guid":{"rendered":"https:\/\/www.spaestonia.ee\/medical\/?page_id=3141"},"modified":"2023-11-30T08:20:04","modified_gmt":"2023-11-30T06:20:04","slug":"summaline-kinkekaart","status":"publish","type":"page","link":"https:\/\/www.spaestonia.ee\/medical\/kinkekaart\/summaline-kinkekaart\/","title":{"rendered":"Soovin tellida paberkandjal summalise kinkekaardi"},"content":{"rendered":"<p>Summalise kinkekaardi v\u00e4\u00e4rtuse saab kinkija ise valida (minimaalne v\u00e4\u00e4rtus on 20\u20ac). Kinkekaardi v\u00e4\u00e4rtuses on v\u00f5imalik valida endale sobilik teenus ESTONIA Resort Hotel &amp; Spa-s ja ESTONIA Medial Spa &amp; Hotel-is.<\/p>\n<h2>SUMMALISE PABERKANDJAL KINKEKAARDI TELLIMINE<\/h2>\n<div class=\"visual-form-builder-container\"><form id=\"kinkekaart-est-2\" class=\"visual-form-builder vfb-form-2  \" method=\"post\" enctype=\"multipart\/form-data\" action=\"\">\n\t\t<input type=\"hidden\" name=\"form_id\" value=\"2\" \/><fieldset class=\"vfb-fieldset vfb-fieldset-1 24    \" id=\"vfb-24-24\"><div class=\"vfb-legend\"><h3><\/h3><\/div><ul class=\"vfb-section vfb-section-1\"><li class=\"vfb-item vfb-item-text    \" id=\"item-vfb-kinkekaardi-vaartus-eur-31\"><label for=\"vfb-kinkekaardi-vaartus-eur-31\" class=\"vfb-desc\">Kinkekaardi v\u00e4\u00e4rtus (EUR)*  <span class=\"vfb-required-asterisk\">*<\/span><\/label><input type=\"text\" name=\"vfb-31\" id=\"vfb-kinkekaardi-vaartus-eur-31\" value=\"EUR\" class=\"vfb-text  vfb-medium  required   form-control\" \/><\/li>\n<li class=\"vfb-item vfb-item-instructions    \" id=\"item-vfb-tellija-andmed-33\"><label for=\"vfb-tellija-andmed-33\" class=\"vfb-desc\"><b>Tellija andmed<\/b> <\/label><\/li>\n<li class=\"vfb-item vfb-item-text    \" id=\"item-vfb-ees-ja-perekonnanimi-34\"><label for=\"vfb-ees-ja-perekonnanimi-34\" class=\"vfb-desc\">Ees- ja perekonnanimi  <span class=\"vfb-required-asterisk\">*<\/span><\/label><input type=\"text\" name=\"vfb-34\" id=\"vfb-ees-ja-perekonnanimi-34\" value=\"\" class=\"vfb-text  vfb-medium  required   form-control\" \/><\/li>\n<li class=\"vfb-item vfb-item-text    \" id=\"item-vfb-ettevote-asutus-35\"><label for=\"vfb-ettevote-asutus-35\" class=\"vfb-desc\">Ettev\u00f5te\/asutus <\/label><input type=\"text\" name=\"vfb-35\" id=\"vfb-ettevote-asutus-35\" value=\"\" class=\"vfb-text  vfb-medium    form-control\" \/><\/li>\n<li class=\"vfb-item vfb-item-email    \" id=\"item-vfb-e-post-37\"><label for=\"vfb-e-post-37\" class=\"vfb-desc\">E-post  <span class=\"vfb-required-asterisk\">*<\/span><\/label><input type=\"email\" name=\"vfb-37\" id=\"vfb-e-post-37\" value=\"\" class=\"vfb-text  vfb-medium  required  email  form-control\" \/><\/li>\n<li class=\"vfb-item vfb-item-text    \" id=\"item-vfb-telefon-36\"><label for=\"vfb-telefon-36\" class=\"vfb-desc\">Telefon  <span class=\"vfb-required-asterisk\">*<\/span><\/label><input type=\"text\" name=\"vfb-36\" id=\"vfb-telefon-36\" value=\"\" class=\"vfb-text  vfb-medium  required   form-control\" \/><\/li>\n<li class=\"vfb-item vfb-item-instructions    \" id=\"item-vfb-560-560\"><label for=\"vfb-560-560\" class=\"vfb-desc\"> <\/label><\/li>\n<li class=\"vfb-item vfb-item-radio    \" id=\"item-vfb-kinkekaardi-kattesaamine-39\"><label for=\"vfb-kinkekaardi-kattesaamine-39\" class=\"vfb-desc\"><b>Kinkekaardi k\u00e4ttesaamine<\/b>  <span class=\"vfb-required-asterisk\">*<\/span><\/label><div><span><input type=\"radio\" name=\"vfb-39\" id=\"vfb-kinkekaardi-kattesaamine-39-1\" value=\"Postiaadressil (lisandub saatmiskulu 2,90 \u20ac)\" class=\"vfb-radio  required \" \/><label for=\"vfb-kinkekaardi-kattesaamine-39-1\" class=\"vfb-choice\">Postiaadressil (lisandub saatmiskulu 2,90 \u20ac)<\/label><\/span><span><input type=\"radio\" name=\"vfb-39\" id=\"vfb-kinkekaardi-kattesaamine-39-2\" value=\"ESTONIA Medical Spa &amp; Hotel vastuv\u00f5tust\" class=\"vfb-radio  required \" \/><label for=\"vfb-kinkekaardi-kattesaamine-39-2\" class=\"vfb-choice\">ESTONIA Medical Spa & Hotel vastuv\u00f5tust<\/label><\/span><span><input type=\"radio\" name=\"vfb-39\" id=\"vfb-kinkekaardi-kattesaamine-39-3\" value=\"Estonia Spa Termide infoletist\" class=\"vfb-radio  required \" \/><label for=\"vfb-kinkekaardi-kattesaamine-39-3\" class=\"vfb-choice\">Estonia Spa Termide infoletist<\/label><\/span><span><input type=\"radio\" name=\"vfb-39\" id=\"vfb-kinkekaardi-kattesaamine-39-4\" value=\"SmartPosti Eesti  pakiautomaat (lisandub saatmiskulu 5,20 \u20ac)\" class=\"vfb-radio  required \" \/><label for=\"vfb-kinkekaardi-kattesaamine-39-4\" class=\"vfb-choice\">SmartPosti Eesti  pakiautomaat (lisandub saatmiskulu 5,20 \u20ac)<\/label><\/span><span><input type=\"radio\" name=\"vfb-39\" id=\"vfb-kinkekaardi-kattesaamine-39-5\" value=\"T\u00e4hitud kirjana (lisandub saatmiskulu 9,50 \u20ac, Eesti piires)\" class=\"vfb-radio  required \" \/><label for=\"vfb-kinkekaardi-kattesaamine-39-5\" class=\"vfb-choice\">T\u00e4hitud kirjana (lisandub saatmiskulu 9,50 \u20ac, Eesti piires)<\/label><\/span><div style=\"clear:both\"><\/div><\/div><\/li>\n<li class=\"vfb-item vfb-item-instructions    vfb-conditional  vfb-conditional-hide\" id=\"item-vfb-kinkekaardi-postitusaadress-41\"><label for=\"vfb-kinkekaardi-postitusaadress-41\" class=\"vfb-desc\"><b>Kinkekaardi postitusaadress<\/b> <\/label><\/li>\n<li class=\"vfb-item vfb-item-text    vfb-conditional  vfb-conditional-hide\" id=\"item-vfb-isiku-ees-ja-perekonnanimi-40\"><label for=\"vfb-isiku-ees-ja-perekonnanimi-40\" class=\"vfb-desc\">Isiku ees- ja perekonnanimi <\/label><input type=\"text\" name=\"vfb-40\" id=\"vfb-isiku-ees-ja-perekonnanimi-40\" value=\"\" class=\"vfb-text  vfb-medium    form-control\" \/><\/li>\n<li class=\"vfb-item vfb-item-text    vfb-conditional  vfb-conditional-hide\" id=\"item-vfb-tapne-postiaadress-42\"><label for=\"vfb-tapne-postiaadress-42\" class=\"vfb-desc\">T\u00e4pne postiaadress <\/label><input type=\"text\" name=\"vfb-42\" id=\"vfb-tapne-postiaadress-42\" value=\"\" class=\"vfb-text  vfb-medium    form-control\" \/><\/li>\n<li class=\"vfb-item vfb-item-text    vfb-conditional  vfb-conditional-hide\" id=\"item-vfb-postiindeks-43\"><label for=\"vfb-postiindeks-43\" class=\"vfb-desc\">Postiindeks <\/label><input type=\"text\" name=\"vfb-43\" id=\"vfb-postiindeks-43\" value=\"\" class=\"vfb-text  vfb-medium    form-control\" \/><\/li>\n<li class=\"vfb-item vfb-item-text    vfb-conditional  vfb-conditional-hide\" id=\"item-vfb-sisesta-smartposti-automaat-585\"><label for=\"vfb-sisesta-smartposti-automaat-585\" class=\"vfb-desc\">Sisesta Smartposti automaat  <span class=\"vfb-required-asterisk\">*<\/span><\/label><span><input type=\"text\" name=\"vfb-585\" id=\"vfb-sisesta-smartposti-automaat-585\" value=\"\" class=\"vfb-text  vfb-medium  required   form-control\" \/><label>Automaatide nimekirja leiad <a href=\"https:\/\/www.smartpost.ee\/pakiautomaatide-asukohad\" target=\"_blank\">siit<\/a><\/label><\/span><\/li>\n<li class=\"vfb-item vfb-item-textarea    \" id=\"item-vfb-lisainfo-44\"><label for=\"vfb-lisainfo-44\" class=\"vfb-desc\">Lisainfo <\/label><div><textarea name=\"vfb-44\" id=\"vfb-lisainfo-44\" class=\"vfb-textarea  vfb-medium   form-control textarea \"><\/textarea><\/div><\/li>\n<\/ul><br \/><\/fieldset><fieldset class=\"vfb-fieldset vfb-fieldset-2 verification  \" id=\"vfb-verification-25\"><div class=\"vfb-legend\"><h3>Verification<\/h3><\/div><ul class=\"vfb-section vfb-section-2\"><li class=\"vfb-item vfb-item-secret\"><label for=\"vfb-palun-sisestage-kaks-numbrit-ilma-tuhikuteta-naiteks-12-voi-34-26\" class=\"vfb-desc\">Palun sisestage kaks numbrit ilma t\u00fchikuteta (n\u00e4iteks: 12 v\u00f5i 34) <span class=\"vfb-required-asterisk\">*<\/span><\/label><input type=\"hidden\" name=\"_vfb-secret\" value=\"vfb-26\" \/><input type=\"text\" name=\"vfb-26\" id=\"vfb-palun-sisestage-kaks-numbrit-ilma-tuhikuteta-naiteks-12-voi-34-26\" value=\"\" class=\"vfb-text  vfb-medium  required  {digits:true,maxlength:2,minlength:2} \" \/><li style=\"display:none;\"><label for=\"vfb-spam\">This box is for spam protection - <strong>please leave it blank<\/strong><\/label><div><input name=\"vfb-spam\" id=\"vfb-spam\" \/><\/div><\/li><li class=\"vfb-item vfb-item-submit\" id=\"vfb-tellin-kinkekaardi-27\">\n\t\t\t\t\t<input type=\"submit\" name=\"visual-form-builder-submit\" id=\"sendmail\" value=\"Tellin kinkekaardi\" class=\"vfb-submit  btn btn-custom btn-purple\" \/>\n\t\t\t\t\t<\/li><\/ul>\n\t\t <\/fieldset><input type=\"hidden\" name=\"_wp_http_referer\" value=\"\/medical\/wp-json\/wp\/v2\/pages\/3141\" \/><\/form><\/div> <!-- .visual-form-builder-container -->\n<p><strong>Lisainfo<\/strong>: e-post\u00a0<a href=\"mailto:sales@spaestonia.ee\">sales@spaestonia.ee<\/a>, tel 447 6905<\/p>\n<p>&nbsp;<\/p>\n","protected":false},"excerpt":{"rendered":"<p>Summalise kinkekaardi v\u00e4\u00e4rtuse saab kinkija ise valida (minimaalne v\u00e4\u00e4rtus on 20\u20ac). Kinkekaardi v\u00e4\u00e4rtuses on v\u00f5imalik&hellip;<\/p>\n","protected":false},"author":1,"featured_media":0,"parent":57,"menu_order":0,"comment_status":"closed","ping_status":"open","template":"page-reservation_page.php","meta":{"footnotes":""},"class_list":["post-3141","page","type-page","status-publish","hentry"],"yoast_head":"<!-- This site is optimized with the Yoast SEO plugin v26.3 - https:\/\/yoast.com\/wordpress\/plugins\/seo\/ -->\n<title>Soovin tellida paberkandjal summalise kinkekaardi - ESTONIA Medical Spa &amp; Hotel<\/title>\n<meta name=\"robots\" content=\"index, follow, max-snippet:-1, max-image-preview:large, max-video-preview:-1\" \/>\n<link rel=\"canonical\" href=\"https:\/\/www.spaestonia.ee\/medical\/kinkekaart\/summaline-kinkekaart\/\" \/>\n<meta property=\"og:locale\" content=\"et_EE\" \/>\n<meta property=\"og:type\" content=\"article\" \/>\n<meta property=\"og:title\" content=\"Soovin tellida paberkandjal summalise kinkekaardi - ESTONIA Medical Spa &amp; Hotel\" \/>\n<meta property=\"og:description\" content=\"Summalise kinkekaardi v\u00e4\u00e4rtuse saab kinkija ise valida (minimaalne v\u00e4\u00e4rtus on 20\u20ac). Kinkekaardi v\u00e4\u00e4rtuses on v\u00f5imalik&hellip;\" \/>\n<meta property=\"og:url\" content=\"https:\/\/www.spaestonia.ee\/medical\/kinkekaart\/summaline-kinkekaart\/\" \/>\n<meta property=\"og:site_name\" content=\"ESTONIA Medical Spa &amp; Hotel\" \/>\n<meta property=\"article:publisher\" content=\"https:\/\/www.facebook.com\/EstoniaMedicalSpa\" \/>\n<meta property=\"article:modified_time\" content=\"2023-11-30T06:20:04+00:00\" \/>\n<meta name=\"twitter:card\" content=\"summary_large_image\" \/>\n<script type=\"application\/ld+json\" class=\"yoast-schema-graph\">{\"@context\":\"https:\/\/schema.org\",\"@graph\":[{\"@type\":\"WebPage\",\"@id\":\"https:\/\/www.spaestonia.ee\/medical\/kinkekaart\/summaline-kinkekaart\/\",\"url\":\"https:\/\/www.spaestonia.ee\/medical\/kinkekaart\/summaline-kinkekaart\/\",\"name\":\"Soovin tellida paberkandjal summalise kinkekaardi - ESTONIA Medical Spa &amp; Hotel\",\"isPartOf\":{\"@id\":\"https:\/\/www.spaestonia.ee\/medical\/#website\"},\"datePublished\":\"2015-11-26T13:06:05+00:00\",\"dateModified\":\"2023-11-30T06:20:04+00:00\",\"breadcrumb\":{\"@id\":\"https:\/\/www.spaestonia.ee\/medical\/kinkekaart\/summaline-kinkekaart\/#breadcrumb\"},\"inLanguage\":\"et\",\"potentialAction\":[{\"@type\":\"ReadAction\",\"target\":[\"https:\/\/www.spaestonia.ee\/medical\/kinkekaart\/summaline-kinkekaart\/\"]}]},{\"@type\":\"BreadcrumbList\",\"@id\":\"https:\/\/www.spaestonia.ee\/medical\/kinkekaart\/summaline-kinkekaart\/#breadcrumb\",\"itemListElement\":[{\"@type\":\"ListItem\",\"position\":1,\"name\":\"Home\",\"item\":\"https:\/\/www.spaestonia.ee\/medical\/\"},{\"@type\":\"ListItem\",\"position\":2,\"name\":\"Kinkekaart\",\"item\":\"https:\/\/www.spaestonia.ee\/medical\/kinkekaart\/\"},{\"@type\":\"ListItem\",\"position\":3,\"name\":\"Soovin tellida paberkandjal summalise kinkekaardi\"}]},{\"@type\":\"WebSite\",\"@id\":\"https:\/\/www.spaestonia.ee\/medical\/#website\",\"url\":\"https:\/\/www.spaestonia.ee\/medical\/\",\"name\":\"ESTONIA Medical Spa & Hotel\",\"description\":\"Ravispaa - Terveyskylpyl\u00e4 - P\u00e4rnu\",\"publisher\":{\"@id\":\"https:\/\/www.spaestonia.ee\/medical\/#organization\"},\"potentialAction\":[{\"@type\":\"SearchAction\",\"target\":{\"@type\":\"EntryPoint\",\"urlTemplate\":\"https:\/\/www.spaestonia.ee\/medical\/?s={search_term_string}\"},\"query-input\":{\"@type\":\"PropertyValueSpecification\",\"valueRequired\":true,\"valueName\":\"search_term_string\"}}],\"inLanguage\":\"et\"},{\"@type\":\"Organization\",\"@id\":\"https:\/\/www.spaestonia.ee\/medical\/#organization\",\"name\":\"ESTONIA Medical Spa & Hotel\",\"url\":\"https:\/\/www.spaestonia.ee\/medical\/\",\"logo\":{\"@type\":\"ImageObject\",\"inLanguage\":\"et\",\"@id\":\"https:\/\/www.spaestonia.ee\/medical\/#\/schema\/logo\/image\/\",\"url\":\"https:\/\/www.spaestonia.ee\/medical\/wp-content\/uploads\/2025\/02\/medical.jpg\",\"contentUrl\":\"https:\/\/www.spaestonia.ee\/medical\/wp-content\/uploads\/2025\/02\/medical.jpg\",\"width\":700,\"height\":450,\"caption\":\"ESTONIA Medical Spa & Hotel\"},\"image\":{\"@id\":\"https:\/\/www.spaestonia.ee\/medical\/#\/schema\/logo\/image\/\"},\"sameAs\":[\"https:\/\/www.facebook.com\/EstoniaMedicalSpa\"]}]}<\/script>\n<!-- \/ Yoast SEO plugin. -->","yoast_head_json":{"title":"Soovin tellida paberkandjal summalise kinkekaardi - ESTONIA Medical Spa &amp; Hotel","robots":{"index":"index","follow":"follow","max-snippet":"max-snippet:-1","max-image-preview":"max-image-preview:large","max-video-preview":"max-video-preview:-1"},"canonical":"https:\/\/www.spaestonia.ee\/medical\/kinkekaart\/summaline-kinkekaart\/","og_locale":"et_EE","og_type":"article","og_title":"Soovin tellida paberkandjal summalise kinkekaardi - ESTONIA Medical Spa &amp; Hotel","og_description":"Summalise kinkekaardi v\u00e4\u00e4rtuse saab kinkija ise valida (minimaalne v\u00e4\u00e4rtus on 20\u20ac). Kinkekaardi v\u00e4\u00e4rtuses on v\u00f5imalik&hellip;","og_url":"https:\/\/www.spaestonia.ee\/medical\/kinkekaart\/summaline-kinkekaart\/","og_site_name":"ESTONIA Medical Spa &amp; Hotel","article_publisher":"https:\/\/www.facebook.com\/EstoniaMedicalSpa","article_modified_time":"2023-11-30T06:20:04+00:00","twitter_card":"summary_large_image","schema":{"@context":"https:\/\/schema.org","@graph":[{"@type":"WebPage","@id":"https:\/\/www.spaestonia.ee\/medical\/kinkekaart\/summaline-kinkekaart\/","url":"https:\/\/www.spaestonia.ee\/medical\/kinkekaart\/summaline-kinkekaart\/","name":"Soovin tellida paberkandjal summalise kinkekaardi - ESTONIA Medical Spa &amp; Hotel","isPartOf":{"@id":"https:\/\/www.spaestonia.ee\/medical\/#website"},"datePublished":"2015-11-26T13:06:05+00:00","dateModified":"2023-11-30T06:20:04+00:00","breadcrumb":{"@id":"https:\/\/www.spaestonia.ee\/medical\/kinkekaart\/summaline-kinkekaart\/#breadcrumb"},"inLanguage":"et","potentialAction":[{"@type":"ReadAction","target":["https:\/\/www.spaestonia.ee\/medical\/kinkekaart\/summaline-kinkekaart\/"]}]},{"@type":"BreadcrumbList","@id":"https:\/\/www.spaestonia.ee\/medical\/kinkekaart\/summaline-kinkekaart\/#breadcrumb","itemListElement":[{"@type":"ListItem","position":1,"name":"Home","item":"https:\/\/www.spaestonia.ee\/medical\/"},{"@type":"ListItem","position":2,"name":"Kinkekaart","item":"https:\/\/www.spaestonia.ee\/medical\/kinkekaart\/"},{"@type":"ListItem","position":3,"name":"Soovin tellida paberkandjal summalise kinkekaardi"}]},{"@type":"WebSite","@id":"https:\/\/www.spaestonia.ee\/medical\/#website","url":"https:\/\/www.spaestonia.ee\/medical\/","name":"ESTONIA Medical Spa & Hotel","description":"Ravispaa - Terveyskylpyl\u00e4 - P\u00e4rnu","publisher":{"@id":"https:\/\/www.spaestonia.ee\/medical\/#organization"},"potentialAction":[{"@type":"SearchAction","target":{"@type":"EntryPoint","urlTemplate":"https:\/\/www.spaestonia.ee\/medical\/?s={search_term_string}"},"query-input":{"@type":"PropertyValueSpecification","valueRequired":true,"valueName":"search_term_string"}}],"inLanguage":"et"},{"@type":"Organization","@id":"https:\/\/www.spaestonia.ee\/medical\/#organization","name":"ESTONIA Medical Spa & Hotel","url":"https:\/\/www.spaestonia.ee\/medical\/","logo":{"@type":"ImageObject","inLanguage":"et","@id":"https:\/\/www.spaestonia.ee\/medical\/#\/schema\/logo\/image\/","url":"https:\/\/www.spaestonia.ee\/medical\/wp-content\/uploads\/2025\/02\/medical.jpg","contentUrl":"https:\/\/www.spaestonia.ee\/medical\/wp-content\/uploads\/2025\/02\/medical.jpg","width":700,"height":450,"caption":"ESTONIA Medical Spa & Hotel"},"image":{"@id":"https:\/\/www.spaestonia.ee\/medical\/#\/schema\/logo\/image\/"},"sameAs":["https:\/\/www.facebook.com\/EstoniaMedicalSpa"]}]}},"_links":{"self":[{"href":"https:\/\/www.spaestonia.ee\/medical\/wp-json\/wp\/v2\/pages\/3141","targetHints":{"allow":["GET"]}}],"collection":[{"href":"https:\/\/www.spaestonia.ee\/medical\/wp-json\/wp\/v2\/pages"}],"about":[{"href":"https:\/\/www.spaestonia.ee\/medical\/wp-json\/wp\/v2\/types\/page"}],"author":[{"embeddable":true,"href":"https:\/\/www.spaestonia.ee\/medical\/wp-json\/wp\/v2\/users\/1"}],"replies":[{"embeddable":true,"href":"https:\/\/www.spaestonia.ee\/medical\/wp-json\/wp\/v2\/comments?post=3141"}],"version-history":[{"count":43,"href":"https:\/\/www.spaestonia.ee\/medical\/wp-json\/wp\/v2\/pages\/3141\/revisions"}],"predecessor-version":[{"id":20164,"href":"https:\/\/www.spaestonia.ee\/medical\/wp-json\/wp\/v2\/pages\/3141\/revisions\/20164"}],"up":[{"embeddable":true,"href":"https:\/\/www.spaestonia.ee\/medical\/wp-json\/wp\/v2\/pages\/57"}],"wp:attachment":[{"href":"https:\/\/www.spaestonia.ee\/medical\/wp-json\/wp\/v2\/media?parent=3141"}],"curies":[{"name":"wp","href":"https:\/\/api.w.org\/{rel}","templated":true}]}}