{"id":1905,"date":"2015-05-31T08:05:45","date_gmt":"2015-05-31T05:05:45","guid":{"rendered":"https:\/\/www.spaestonia.ee\/resort\/?page_id=1905"},"modified":"2022-09-13T13:46:22","modified_gmt":"2022-09-13T10:46:22","slug":"soolalaua-hoolitsused","status":"publish","type":"page","link":"https:\/\/www.spaestonia.ee\/resort\/spaahoolitsused\/soolalaua-hoolitsused\/","title":{"rendered":"Soolalaua hoolitsused"},"content":{"rendered":"<p><img loading=\"lazy\" decoding=\"async\" class=\"alignright size-full wp-image-2439\" src=\"https:\/\/www.spaestonia.ee\/resort\/wp-content\/uploads\/2015\/05\/Resort-spaa-soolalaud-350.jpg\" alt=\"Soolalaua hoolitsused\" width=\"350\" height=\"233\" srcset=\"https:\/\/www.spaestonia.ee\/resort\/wp-content\/uploads\/2015\/05\/Resort-spaa-soolalaud-350.jpg 350w, https:\/\/www.spaestonia.ee\/resort\/wp-content\/uploads\/2015\/05\/Resort-spaa-soolalaud-350-300x199.jpg 300w\" sizes=\"auto, (max-width: 350px) 100vw, 350px\" \/><\/p>\n<h2>Soolakristallide hellitus &#8211; unikaalne spaahoolitsus Eestis!<\/h2>\n<p>Soojendusega soolalaual toimub pidev mikromassaa\u017e kogu kehale. Soolase \u00f5hu sissehingamine tugevdab hingamisteede kaitsemehhanisme ja immuuns\u00fcsteemi.<\/p>\n<p>Soolakristallidega kaetud laual lebamine leevendab efektiivselt ka lihaspingeid, nahaprobleeme ja maandab stressi.<\/p>\n<p>Tule ja naudi soolakristallide hellitust!<\/p>\n<h3>Soolakristallide hellitus 20 min 15 \u20ac<br \/>\nSoolakristallide hellitus 50 min 30 \u20ac<\/h3>\n<p><strong>Lisainfo ja broneerimine:<\/strong> tel 440 1013, e-post <a href=\"mailto:resort.spa@spaestonia.ee\">resort.spa@spaestonia.ee<\/a>.<\/p>\n","protected":false},"excerpt":{"rendered":"<p>Soolakristallide hellitus &#8211; unikaalne spaahoolitsus Eestis! Soojendusega soolalaual toimub pidev mikromassaa\u017e kogu kehale. Soolase \u00f5hu&hellip;<\/p>\n","protected":false},"author":1,"featured_media":0,"parent":1787,"menu_order":0,"comment_status":"closed","ping_status":"open","template":"page-nobron_page.php","meta":{"footnotes":""},"class_list":["post-1905","page","type-page","status-publish","hentry"],"yoast_head":"<!-- This site is optimized with the Yoast SEO plugin v26.7 - https:\/\/yoast.com\/wordpress\/plugins\/seo\/ -->\n<title>Soolalaua hoolitsused - ESTONIA Resort Hotel Spa<\/title>\n<meta name=\"robots\" content=\"index, follow, max-snippet:-1, max-image-preview:large, max-video-preview:-1\" \/>\n<link rel=\"canonical\" href=\"https:\/\/www.spaestonia.ee\/resort\/spaahoolitsused\/soolalaua-hoolitsused\/\" \/>\n<meta property=\"og:locale\" content=\"et_EE\" \/>\n<meta property=\"og:type\" content=\"article\" \/>\n<meta property=\"og:title\" content=\"Soolalaua hoolitsused - ESTONIA Resort Hotel Spa\" \/>\n<meta property=\"og:description\" content=\"Soolakristallide hellitus &#8211; unikaalne spaahoolitsus Eestis! Soojendusega soolalaual toimub pidev mikromassaa\u017e kogu kehale. Soolase \u00f5hu&hellip;\" \/>\n<meta property=\"og:url\" content=\"https:\/\/www.spaestonia.ee\/resort\/spaahoolitsused\/soolalaua-hoolitsused\/\" \/>\n<meta property=\"og:site_name\" content=\"ESTONIA Resort Hotel Spa\" \/>\n<meta property=\"article:publisher\" content=\"https:\/\/www.facebook.com\/EstoniaResortHotel\" \/>\n<meta property=\"article:modified_time\" content=\"2022-09-13T10:46:22+00:00\" \/>\n<meta property=\"og:image\" content=\"https:\/\/www.spaestonia.ee\/resort\/wp-content\/uploads\/2015\/05\/Resort-spaa-soolalaud-350.jpg\" \/>\n<meta name=\"twitter:card\" content=\"summary_large_image\" \/>\n<script type=\"application\/ld+json\" class=\"yoast-schema-graph\">{\"@context\":\"https:\/\/schema.org\",\"@graph\":[{\"@type\":\"WebPage\",\"@id\":\"https:\/\/www.spaestonia.ee\/resort\/spaahoolitsused\/soolalaua-hoolitsused\/\",\"url\":\"https:\/\/www.spaestonia.ee\/resort\/spaahoolitsused\/soolalaua-hoolitsused\/\",\"name\":\"Soolalaua hoolitsused - ESTONIA Resort Hotel Spa\",\"isPartOf\":{\"@id\":\"https:\/\/www.spaestonia.ee\/resort\/#website\"},\"primaryImageOfPage\":{\"@id\":\"https:\/\/www.spaestonia.ee\/resort\/spaahoolitsused\/soolalaua-hoolitsused\/#primaryimage\"},\"image\":{\"@id\":\"https:\/\/www.spaestonia.ee\/resort\/spaahoolitsused\/soolalaua-hoolitsused\/#primaryimage\"},\"thumbnailUrl\":\"https:\/\/www.spaestonia.ee\/resort\/wp-content\/uploads\/2015\/05\/Resort-spaa-soolalaud-350.jpg\",\"datePublished\":\"2015-05-31T05:05:45+00:00\",\"dateModified\":\"2022-09-13T10:46:22+00:00\",\"breadcrumb\":{\"@id\":\"https:\/\/www.spaestonia.ee\/resort\/spaahoolitsused\/soolalaua-hoolitsused\/#breadcrumb\"},\"inLanguage\":\"et\",\"potentialAction\":[{\"@type\":\"ReadAction\",\"target\":[\"https:\/\/www.spaestonia.ee\/resort\/spaahoolitsused\/soolalaua-hoolitsused\/\"]}]},{\"@type\":\"ImageObject\",\"inLanguage\":\"et\",\"@id\":\"https:\/\/www.spaestonia.ee\/resort\/spaahoolitsused\/soolalaua-hoolitsused\/#primaryimage\",\"url\":\"https:\/\/www.spaestonia.ee\/resort\/wp-content\/uploads\/2015\/05\/Resort-spaa-soolalaud-350.jpg\",\"contentUrl\":\"https:\/\/www.spaestonia.ee\/resort\/wp-content\/uploads\/2015\/05\/Resort-spaa-soolalaud-350.jpg\",\"width\":350,\"height\":233,\"caption\":\"Soolalaua hoolitsused\"},{\"@type\":\"BreadcrumbList\",\"@id\":\"https:\/\/www.spaestonia.ee\/resort\/spaahoolitsused\/soolalaua-hoolitsused\/#breadcrumb\",\"itemListElement\":[{\"@type\":\"ListItem\",\"position\":1,\"name\":\"Home\",\"item\":\"https:\/\/www.spaestonia.ee\/resort\/\"},{\"@type\":\"ListItem\",\"position\":2,\"name\":\"Spaahoolitsused\",\"item\":\"https:\/\/spaestonia.ee\/resort\/spaahoolitsused\/\"},{\"@type\":\"ListItem\",\"position\":3,\"name\":\"Soolalaua hoolitsused\"}]},{\"@type\":\"WebSite\",\"@id\":\"https:\/\/www.spaestonia.ee\/resort\/#website\",\"url\":\"https:\/\/www.spaestonia.ee\/resort\/\",\"name\":\"ESTONIA Resort Hotel Spa\",\"description\":\"Your destination in P\u00e4rnu for wellness and events\",\"publisher\":{\"@id\":\"https:\/\/www.spaestonia.ee\/resort\/#organization\"},\"potentialAction\":[{\"@type\":\"SearchAction\",\"target\":{\"@type\":\"EntryPoint\",\"urlTemplate\":\"https:\/\/www.spaestonia.ee\/resort\/?s={search_term_string}\"},\"query-input\":{\"@type\":\"PropertyValueSpecification\",\"valueRequired\":true,\"valueName\":\"search_term_string\"}}],\"inLanguage\":\"et\"},{\"@type\":\"Organization\",\"@id\":\"https:\/\/www.spaestonia.ee\/resort\/#organization\",\"name\":\"ESTONIA Resort Hotel Spa\",\"url\":\"https:\/\/www.spaestonia.ee\/resort\/\",\"logo\":{\"@type\":\"ImageObject\",\"inLanguage\":\"et\",\"@id\":\"https:\/\/www.spaestonia.ee\/resort\/#\/schema\/logo\/image\/\",\"url\":\"https:\/\/www.spaestonia.ee\/resort\/wp-content\/uploads\/2025\/02\/resort-hotel-estonia.png\",\"contentUrl\":\"https:\/\/www.spaestonia.ee\/resort\/wp-content\/uploads\/2025\/02\/resort-hotel-estonia.png\",\"width\":400,\"height\":173,\"caption\":\"ESTONIA Resort Hotel Spa\"},\"image\":{\"@id\":\"https:\/\/www.spaestonia.ee\/resort\/#\/schema\/logo\/image\/\"},\"sameAs\":[\"https:\/\/www.facebook.com\/EstoniaResortHotel\"]}]}<\/script>\n<!-- \/ Yoast SEO plugin. -->","yoast_head_json":{"title":"Soolalaua hoolitsused - ESTONIA Resort Hotel Spa","robots":{"index":"index","follow":"follow","max-snippet":"max-snippet:-1","max-image-preview":"max-image-preview:large","max-video-preview":"max-video-preview:-1"},"canonical":"https:\/\/www.spaestonia.ee\/resort\/spaahoolitsused\/soolalaua-hoolitsused\/","og_locale":"et_EE","og_type":"article","og_title":"Soolalaua hoolitsused - ESTONIA Resort Hotel Spa","og_description":"Soolakristallide hellitus &#8211; unikaalne spaahoolitsus Eestis! Soojendusega soolalaual toimub pidev mikromassaa\u017e kogu kehale. Soolase \u00f5hu&hellip;","og_url":"https:\/\/www.spaestonia.ee\/resort\/spaahoolitsused\/soolalaua-hoolitsused\/","og_site_name":"ESTONIA Resort Hotel Spa","article_publisher":"https:\/\/www.facebook.com\/EstoniaResortHotel","article_modified_time":"2022-09-13T10:46:22+00:00","og_image":[{"url":"https:\/\/www.spaestonia.ee\/resort\/wp-content\/uploads\/2015\/05\/Resort-spaa-soolalaud-350.jpg","type":"","width":"","height":""}],"twitter_card":"summary_large_image","schema":{"@context":"https:\/\/schema.org","@graph":[{"@type":"WebPage","@id":"https:\/\/www.spaestonia.ee\/resort\/spaahoolitsused\/soolalaua-hoolitsused\/","url":"https:\/\/www.spaestonia.ee\/resort\/spaahoolitsused\/soolalaua-hoolitsused\/","name":"Soolalaua hoolitsused - ESTONIA Resort Hotel Spa","isPartOf":{"@id":"https:\/\/www.spaestonia.ee\/resort\/#website"},"primaryImageOfPage":{"@id":"https:\/\/www.spaestonia.ee\/resort\/spaahoolitsused\/soolalaua-hoolitsused\/#primaryimage"},"image":{"@id":"https:\/\/www.spaestonia.ee\/resort\/spaahoolitsused\/soolalaua-hoolitsused\/#primaryimage"},"thumbnailUrl":"https:\/\/www.spaestonia.ee\/resort\/wp-content\/uploads\/2015\/05\/Resort-spaa-soolalaud-350.jpg","datePublished":"2015-05-31T05:05:45+00:00","dateModified":"2022-09-13T10:46:22+00:00","breadcrumb":{"@id":"https:\/\/www.spaestonia.ee\/resort\/spaahoolitsused\/soolalaua-hoolitsused\/#breadcrumb"},"inLanguage":"et","potentialAction":[{"@type":"ReadAction","target":["https:\/\/www.spaestonia.ee\/resort\/spaahoolitsused\/soolalaua-hoolitsused\/"]}]},{"@type":"ImageObject","inLanguage":"et","@id":"https:\/\/www.spaestonia.ee\/resort\/spaahoolitsused\/soolalaua-hoolitsused\/#primaryimage","url":"https:\/\/www.spaestonia.ee\/resort\/wp-content\/uploads\/2015\/05\/Resort-spaa-soolalaud-350.jpg","contentUrl":"https:\/\/www.spaestonia.ee\/resort\/wp-content\/uploads\/2015\/05\/Resort-spaa-soolalaud-350.jpg","width":350,"height":233,"caption":"Soolalaua hoolitsused"},{"@type":"BreadcrumbList","@id":"https:\/\/www.spaestonia.ee\/resort\/spaahoolitsused\/soolalaua-hoolitsused\/#breadcrumb","itemListElement":[{"@type":"ListItem","position":1,"name":"Home","item":"https:\/\/www.spaestonia.ee\/resort\/"},{"@type":"ListItem","position":2,"name":"Spaahoolitsused","item":"https:\/\/spaestonia.ee\/resort\/spaahoolitsused\/"},{"@type":"ListItem","position":3,"name":"Soolalaua hoolitsused"}]},{"@type":"WebSite","@id":"https:\/\/www.spaestonia.ee\/resort\/#website","url":"https:\/\/www.spaestonia.ee\/resort\/","name":"ESTONIA Resort Hotel Spa","description":"Your destination in P\u00e4rnu for wellness and events","publisher":{"@id":"https:\/\/www.spaestonia.ee\/resort\/#organization"},"potentialAction":[{"@type":"SearchAction","target":{"@type":"EntryPoint","urlTemplate":"https:\/\/www.spaestonia.ee\/resort\/?s={search_term_string}"},"query-input":{"@type":"PropertyValueSpecification","valueRequired":true,"valueName":"search_term_string"}}],"inLanguage":"et"},{"@type":"Organization","@id":"https:\/\/www.spaestonia.ee\/resort\/#organization","name":"ESTONIA Resort Hotel Spa","url":"https:\/\/www.spaestonia.ee\/resort\/","logo":{"@type":"ImageObject","inLanguage":"et","@id":"https:\/\/www.spaestonia.ee\/resort\/#\/schema\/logo\/image\/","url":"https:\/\/www.spaestonia.ee\/resort\/wp-content\/uploads\/2025\/02\/resort-hotel-estonia.png","contentUrl":"https:\/\/www.spaestonia.ee\/resort\/wp-content\/uploads\/2025\/02\/resort-hotel-estonia.png","width":400,"height":173,"caption":"ESTONIA Resort Hotel Spa"},"image":{"@id":"https:\/\/www.spaestonia.ee\/resort\/#\/schema\/logo\/image\/"},"sameAs":["https:\/\/www.facebook.com\/EstoniaResortHotel"]}]}},"_links":{"self":[{"href":"https:\/\/www.spaestonia.ee\/resort\/wp-json\/wp\/v2\/pages\/1905","targetHints":{"allow":["GET"]}}],"collection":[{"href":"https:\/\/www.spaestonia.ee\/resort\/wp-json\/wp\/v2\/pages"}],"about":[{"href":"https:\/\/www.spaestonia.ee\/resort\/wp-json\/wp\/v2\/types\/page"}],"author":[{"embeddable":true,"href":"https:\/\/www.spaestonia.ee\/resort\/wp-json\/wp\/v2\/users\/1"}],"replies":[{"embeddable":true,"href":"https:\/\/www.spaestonia.ee\/resort\/wp-json\/wp\/v2\/comments?post=1905"}],"version-history":[{"count":19,"href":"https:\/\/www.spaestonia.ee\/resort\/wp-json\/wp\/v2\/pages\/1905\/revisions"}],"predecessor-version":[{"id":36493,"href":"https:\/\/www.spaestonia.ee\/resort\/wp-json\/wp\/v2\/pages\/1905\/revisions\/36493"}],"up":[{"embeddable":true,"href":"https:\/\/www.spaestonia.ee\/resort\/wp-json\/wp\/v2\/pages\/1787"}],"wp:attachment":[{"href":"https:\/\/www.spaestonia.ee\/resort\/wp-json\/wp\/v2\/media?parent=1905"}],"curies":[{"name":"wp","href":"https:\/\/api.w.org\/{rel}","templated":true}]}}