{"id":25198,"date":"2019-10-23T09:46:38","date_gmt":"2019-10-23T06:46:38","guid":{"rendered":"http:\/\/www.spaestonia.ee\/resort\/?page_id=25198"},"modified":"2019-10-23T09:46:38","modified_gmt":"2019-10-23T06:46:38","slug":"23-10-2019-ametlik-teade","status":"publish","type":"page","link":"https:\/\/www.spaestonia.ee\/resort\/23-10-2019-ametlik-teade\/","title":{"rendered":"23.10.2019 Ametlik teade"},"content":{"rendered":"<p>Head k\u00fclastajad<\/p>\n<p>22.10.2019 p\u00e4eva teises pooles toimus SPA&amp;SAUN keskuses s\u00fcndmus, mille k\u00e4igus kahtlustati suuremat kloorileket. Kloorileket kohale tulnud P\u00e4\u00e4steameti esindajad ei tuvastanud, probleemi p\u00f5hjustas basseinivee puhastamiseks kasutatava automaatse klooridosaatori rike v\u00e4ikeses Rabaj\u00e4rve kuumaveebasseinis. Keskuse \u00f5hus klooritase \u00fcle lubatud piirnormide ei ulatunud ning \u00fcldist ohtu k\u00fclastajate tervisele ei olnud.<\/p>\n<p>Vabandame k\u00f5igi k\u00fclastajate ees, kelle spaak\u00fclastus selle olukorra ajal pooleli j\u00e4i ning loodame m\u00f5istvale suhtumisele. Meie k\u00fclastajate turvalisus on meie jaoks k\u00f5ige olulisem ning kahtluste puhul peame oluliseks v\u00f5imalikke ohuolukordi ennetada.<\/p>\n<p>Alates 23.10.2019 on SPA&amp;SAUN keskus taas avatud.<\/p>\n<p>Andrus Aljas<br \/>\nEstonia Spa Hotelsi juht<br \/>\n23.10.2019<\/p>\n","protected":false},"excerpt":{"rendered":"<p>Head k\u00fclastajad 22.10.2019 p\u00e4eva teises pooles toimus SPA&amp;SAUN keskuses s\u00fcndmus, mille k\u00e4igus kahtlustati suuremat kloorileket.&hellip;<\/p>\n","protected":false},"author":9,"featured_media":0,"parent":0,"menu_order":0,"comment_status":"closed","ping_status":"closed","template":"","meta":{"footnotes":""},"class_list":["post-25198","page","type-page","status-publish","hentry"],"yoast_head":"<!-- This site is optimized with the Yoast SEO plugin v26.7 - https:\/\/yoast.com\/wordpress\/plugins\/seo\/ -->\n<title>23.10.2019 Ametlik teade - ESTONIA Resort Hotel Spa<\/title>\n<meta name=\"robots\" content=\"index, follow, max-snippet:-1, max-image-preview:large, max-video-preview:-1\" \/>\n<link rel=\"canonical\" href=\"https:\/\/www.spaestonia.ee\/resort\/23-10-2019-ametlik-teade\/\" \/>\n<meta property=\"og:locale\" content=\"et_EE\" \/>\n<meta property=\"og:type\" content=\"article\" \/>\n<meta property=\"og:title\" content=\"23.10.2019 Ametlik teade - ESTONIA Resort Hotel Spa\" \/>\n<meta property=\"og:description\" content=\"Head k\u00fclastajad 22.10.2019 p\u00e4eva teises pooles toimus SPA&amp;SAUN keskuses s\u00fcndmus, mille k\u00e4igus kahtlustati suuremat kloorileket.&hellip;\" \/>\n<meta property=\"og:url\" content=\"https:\/\/www.spaestonia.ee\/resort\/23-10-2019-ametlik-teade\/\" \/>\n<meta property=\"og:site_name\" content=\"ESTONIA Resort Hotel Spa\" \/>\n<meta property=\"article:publisher\" content=\"https:\/\/www.facebook.com\/EstoniaResortHotel\" \/>\n<meta name=\"twitter:card\" content=\"summary_large_image\" \/>\n<meta name=\"twitter:label1\" content=\"Est. reading time\" \/>\n\t<meta name=\"twitter:data1\" content=\"1 minut\" \/>\n<script type=\"application\/ld+json\" class=\"yoast-schema-graph\">{\"@context\":\"https:\/\/schema.org\",\"@graph\":[{\"@type\":\"WebPage\",\"@id\":\"https:\/\/www.spaestonia.ee\/resort\/23-10-2019-ametlik-teade\/\",\"url\":\"https:\/\/www.spaestonia.ee\/resort\/23-10-2019-ametlik-teade\/\",\"name\":\"23.10.2019 Ametlik teade - ESTONIA Resort Hotel Spa\",\"isPartOf\":{\"@id\":\"https:\/\/www.spaestonia.ee\/resort\/#website\"},\"datePublished\":\"2019-10-23T06:46:38+00:00\",\"breadcrumb\":{\"@id\":\"https:\/\/www.spaestonia.ee\/resort\/23-10-2019-ametlik-teade\/#breadcrumb\"},\"inLanguage\":\"et\",\"potentialAction\":[{\"@type\":\"ReadAction\",\"target\":[\"https:\/\/www.spaestonia.ee\/resort\/23-10-2019-ametlik-teade\/\"]}]},{\"@type\":\"BreadcrumbList\",\"@id\":\"https:\/\/www.spaestonia.ee\/resort\/23-10-2019-ametlik-teade\/#breadcrumb\",\"itemListElement\":[{\"@type\":\"ListItem\",\"position\":1,\"name\":\"Home\",\"item\":\"https:\/\/www.spaestonia.ee\/resort\/\"},{\"@type\":\"ListItem\",\"position\":2,\"name\":\"23.10.2019 Ametlik teade\"}]},{\"@type\":\"WebSite\",\"@id\":\"https:\/\/www.spaestonia.ee\/resort\/#website\",\"url\":\"https:\/\/www.spaestonia.ee\/resort\/\",\"name\":\"ESTONIA Resort Hotel Spa\",\"description\":\"Your destination in P\u00e4rnu for wellness and events\",\"publisher\":{\"@id\":\"https:\/\/www.spaestonia.ee\/resort\/#organization\"},\"potentialAction\":[{\"@type\":\"SearchAction\",\"target\":{\"@type\":\"EntryPoint\",\"urlTemplate\":\"https:\/\/www.spaestonia.ee\/resort\/?s={search_term_string}\"},\"query-input\":{\"@type\":\"PropertyValueSpecification\",\"valueRequired\":true,\"valueName\":\"search_term_string\"}}],\"inLanguage\":\"et\"},{\"@type\":\"Organization\",\"@id\":\"https:\/\/www.spaestonia.ee\/resort\/#organization\",\"name\":\"ESTONIA Resort Hotel Spa\",\"url\":\"https:\/\/www.spaestonia.ee\/resort\/\",\"logo\":{\"@type\":\"ImageObject\",\"inLanguage\":\"et\",\"@id\":\"https:\/\/www.spaestonia.ee\/resort\/#\/schema\/logo\/image\/\",\"url\":\"https:\/\/www.spaestonia.ee\/resort\/wp-content\/uploads\/2025\/02\/resort-hotel-estonia.png\",\"contentUrl\":\"https:\/\/www.spaestonia.ee\/resort\/wp-content\/uploads\/2025\/02\/resort-hotel-estonia.png\",\"width\":400,\"height\":173,\"caption\":\"ESTONIA Resort Hotel Spa\"},\"image\":{\"@id\":\"https:\/\/www.spaestonia.ee\/resort\/#\/schema\/logo\/image\/\"},\"sameAs\":[\"https:\/\/www.facebook.com\/EstoniaResortHotel\"]}]}<\/script>\n<!-- \/ Yoast SEO plugin. -->","yoast_head_json":{"title":"23.10.2019 Ametlik teade - ESTONIA Resort Hotel Spa","robots":{"index":"index","follow":"follow","max-snippet":"max-snippet:-1","max-image-preview":"max-image-preview:large","max-video-preview":"max-video-preview:-1"},"canonical":"https:\/\/www.spaestonia.ee\/resort\/23-10-2019-ametlik-teade\/","og_locale":"et_EE","og_type":"article","og_title":"23.10.2019 Ametlik teade - ESTONIA Resort Hotel Spa","og_description":"Head k\u00fclastajad 22.10.2019 p\u00e4eva teises pooles toimus SPA&amp;SAUN keskuses s\u00fcndmus, mille k\u00e4igus kahtlustati suuremat kloorileket.&hellip;","og_url":"https:\/\/www.spaestonia.ee\/resort\/23-10-2019-ametlik-teade\/","og_site_name":"ESTONIA Resort Hotel Spa","article_publisher":"https:\/\/www.facebook.com\/EstoniaResortHotel","twitter_card":"summary_large_image","twitter_misc":{"Est. reading time":"1 minut"},"schema":{"@context":"https:\/\/schema.org","@graph":[{"@type":"WebPage","@id":"https:\/\/www.spaestonia.ee\/resort\/23-10-2019-ametlik-teade\/","url":"https:\/\/www.spaestonia.ee\/resort\/23-10-2019-ametlik-teade\/","name":"23.10.2019 Ametlik teade - ESTONIA Resort Hotel Spa","isPartOf":{"@id":"https:\/\/www.spaestonia.ee\/resort\/#website"},"datePublished":"2019-10-23T06:46:38+00:00","breadcrumb":{"@id":"https:\/\/www.spaestonia.ee\/resort\/23-10-2019-ametlik-teade\/#breadcrumb"},"inLanguage":"et","potentialAction":[{"@type":"ReadAction","target":["https:\/\/www.spaestonia.ee\/resort\/23-10-2019-ametlik-teade\/"]}]},{"@type":"BreadcrumbList","@id":"https:\/\/www.spaestonia.ee\/resort\/23-10-2019-ametlik-teade\/#breadcrumb","itemListElement":[{"@type":"ListItem","position":1,"name":"Home","item":"https:\/\/www.spaestonia.ee\/resort\/"},{"@type":"ListItem","position":2,"name":"23.10.2019 Ametlik teade"}]},{"@type":"WebSite","@id":"https:\/\/www.spaestonia.ee\/resort\/#website","url":"https:\/\/www.spaestonia.ee\/resort\/","name":"ESTONIA Resort Hotel Spa","description":"Your destination in P\u00e4rnu for wellness and events","publisher":{"@id":"https:\/\/www.spaestonia.ee\/resort\/#organization"},"potentialAction":[{"@type":"SearchAction","target":{"@type":"EntryPoint","urlTemplate":"https:\/\/www.spaestonia.ee\/resort\/?s={search_term_string}"},"query-input":{"@type":"PropertyValueSpecification","valueRequired":true,"valueName":"search_term_string"}}],"inLanguage":"et"},{"@type":"Organization","@id":"https:\/\/www.spaestonia.ee\/resort\/#organization","name":"ESTONIA Resort Hotel Spa","url":"https:\/\/www.spaestonia.ee\/resort\/","logo":{"@type":"ImageObject","inLanguage":"et","@id":"https:\/\/www.spaestonia.ee\/resort\/#\/schema\/logo\/image\/","url":"https:\/\/www.spaestonia.ee\/resort\/wp-content\/uploads\/2025\/02\/resort-hotel-estonia.png","contentUrl":"https:\/\/www.spaestonia.ee\/resort\/wp-content\/uploads\/2025\/02\/resort-hotel-estonia.png","width":400,"height":173,"caption":"ESTONIA Resort Hotel Spa"},"image":{"@id":"https:\/\/www.spaestonia.ee\/resort\/#\/schema\/logo\/image\/"},"sameAs":["https:\/\/www.facebook.com\/EstoniaResortHotel"]}]}},"_links":{"self":[{"href":"https:\/\/www.spaestonia.ee\/resort\/wp-json\/wp\/v2\/pages\/25198","targetHints":{"allow":["GET"]}}],"collection":[{"href":"https:\/\/www.spaestonia.ee\/resort\/wp-json\/wp\/v2\/pages"}],"about":[{"href":"https:\/\/www.spaestonia.ee\/resort\/wp-json\/wp\/v2\/types\/page"}],"author":[{"embeddable":true,"href":"https:\/\/www.spaestonia.ee\/resort\/wp-json\/wp\/v2\/users\/9"}],"replies":[{"embeddable":true,"href":"https:\/\/www.spaestonia.ee\/resort\/wp-json\/wp\/v2\/comments?post=25198"}],"version-history":[{"count":1,"href":"https:\/\/www.spaestonia.ee\/resort\/wp-json\/wp\/v2\/pages\/25198\/revisions"}],"predecessor-version":[{"id":25200,"href":"https:\/\/www.spaestonia.ee\/resort\/wp-json\/wp\/v2\/pages\/25198\/revisions\/25200"}],"wp:attachment":[{"href":"https:\/\/www.spaestonia.ee\/resort\/wp-json\/wp\/v2\/media?parent=25198"}],"curies":[{"name":"wp","href":"https:\/\/api.w.org\/{rel}","templated":true}]}}