{"id":2681,"date":"2015-07-05T11:59:37","date_gmt":"2015-07-05T08:59:37","guid":{"rendered":"https:\/\/www.spaestonia.ee\/resort\/?page_id=2681"},"modified":"2015-07-05T12:00:09","modified_gmt":"2015-07-05T09:00:09","slug":"uus-spaa-ja-konverentsikeskus-saab-nurgakivi-22-10-2014","status":"publish","type":"page","link":"https:\/\/www.spaestonia.ee\/resort\/meist\/ajalugu\/uus-spaa-ja-konverentsikeskus-saab-nurgakivi-22-10-2014\/","title":{"rendered":"Uus spaa- ja konverentsikeskus saab nurgakivi \/ 22.10.2014"},"content":{"rendered":"<p>Estonia Spa Hotels AS<br \/>\nPRESSITEADE<br \/>\n22.10.2014<br \/>\n<strong>Uus spaa- ja konverentsikeskus saab nurgakivi<\/strong><\/p>\n<p>T\u00e4na peale l\u00f5unat pannakse nurgakivi Estonia Spa Hotels AS kuurorthotelli uuele spaa- ja konverentsikeskusele, mis valmib juurdeehitusena olemasolevale hoone- kompleksile Tammsaare t\u00e4naval. Samal ajal renoveeritakse t\u00e4ielikult senised Roheline ja Valge maja ning hotellikompleks hakkab edaspidi kandma nime ESTONIA Resort Hotel &amp; Spa.<\/p>\n<p>Estonia Spa Hotels AS on asunud v\u00e4lja arendama kahte spaakontseptsiooni. Uus kuurorthotell koos spaa ja konverentsikeskusega v\u00f5imaldab klientidele pakkuda senisest oluliselt mitmek\u00fclgsemaid ja kvaliteetsemaid teenuseid. Klientidele juba tuttav Pargi maja j\u00e4tkab oma tuntud headuses senist ravispaa suunda.<\/p>\n<p>Hoonete sisu m\u00e4rks\u00f5nadeks on innovatiivsus ja eestimaisus. Kaasajastatud hoonete kompleksi tuleb 4* hotell enam kui 100 toaga, konverentsikeskus mahutavusega kuni 480 inimest, sauna- ja basseinikeskus koos Surnumere basseiniga ning enam kui 20 tuba spaateenuste osutamiseks.<\/p>\n<p>Hoonete uuendamise arhitektuurse osa loojaks on KOKO Arhitektuurib\u00fcroo. Ehitust\u00f6\u00f6de peat\u00f6\u00f6v\u00f5tja on Nordecon AS ja omanikuj\u00e4relvalvet teeb Vealeidja O\u00dc. Projekti teostamist finantseerib Swedbank AS. Kokku investeerib Estonia Spa Hotels renoveerimist\u00f6\u00f6desse 8,3 mln eurot.<\/p>\n<p>T\u00e4nase p\u00e4eva ja tegemiste kohta \u00fctleb Estonia Spa Hotels AS n\u00f5ukogu esimees Virve Pichen j\u00e4rgmist: \u201eEesti on spaariik, sest Spaaliidul, kuhu Estoniagi kuulub, on 19 liiget. Aga meil ei ole olemas kaubam\u00e4rki \u201eeestimaine spaa&#8221;. Seda kaubam\u00e4rki olemegi looma asunud. Me usume, et enam ei m\u00fc\u00fc universaalsed asjad, mida pakutakse igal pool. Oleme veendunud, et r\u00f5hudes autentsele ja asukohap\u00f5hisele elamusele, saavutame edu.&#8221;<\/p>\n<p>\u201eEstoniast kujuneb Eesti spaa Eesti teenustega,&#8221; lisab Estonia Spa hotellide juhataja Andrus Aljas. \u201eTahame olla r\u00f5hutatult eestimaised, samas mitte konservatiivsed, vaid pigem tulevikku vaatavad. Toome sisekujundusse n\u00fc\u00fcdisaegse Eesti disaini ja restorani Eesti k\u00f6\u00f6gi.&#8221;<\/p>\n<p>Estonia Spa Hotels AS algus ulatub aega, mil P\u00e4rnus avati asutus nimega Sanatoorium nr 1. Juba kuurordi algusaastatel peeti seda \u00fcheks kuulsamaks supelasutuseks L\u00e4\u00e4nemere rannikul. T\u00e4nap\u00e4eval pakub ettev\u00f5te hotelli- ja taastava iseloomuga ravi- ning spaateenuseid. Ettev\u00f5tte m\u00fc\u00fcgitulu oli 2013.a majandusaastal \u00fcle 5,6 mln euro ja kasum \u00fcle poole miljoni euro. Estonia Spa Hotels AS ainuomanik on P\u00e4rnu linn ja hetkel annab aktsiaselts t\u00f6\u00f6d 187 inimesele.<\/p>\n","protected":false},"excerpt":{"rendered":"<p>Estonia Spa Hotels AS PRESSITEADE 22.10.2014 Uus spaa- ja konverentsikeskus saab nurgakivi T\u00e4na peale l\u00f5unat&hellip;<\/p>\n","protected":false},"author":1,"featured_media":0,"parent":2276,"menu_order":0,"comment_status":"closed","ping_status":"open","template":"","meta":{"footnotes":""},"class_list":["post-2681","page","type-page","status-publish","hentry"],"yoast_head":"<!-- This site is optimized with the Yoast SEO plugin v26.7 - https:\/\/yoast.com\/wordpress\/plugins\/seo\/ -->\n<title>Uus spaa- ja konverentsikeskus saab nurgakivi \/ 22.10.2014 - ESTONIA Resort Hotel Spa<\/title>\n<meta name=\"robots\" content=\"index, follow, max-snippet:-1, max-image-preview:large, max-video-preview:-1\" \/>\n<link rel=\"canonical\" href=\"https:\/\/www.spaestonia.ee\/resort\/meist\/ajalugu\/uus-spaa-ja-konverentsikeskus-saab-nurgakivi-22-10-2014\/\" \/>\n<meta property=\"og:locale\" content=\"et_EE\" \/>\n<meta property=\"og:type\" content=\"article\" \/>\n<meta property=\"og:title\" content=\"Uus spaa- ja konverentsikeskus saab nurgakivi \/ 22.10.2014 - ESTONIA Resort Hotel Spa\" \/>\n<meta property=\"og:description\" content=\"Estonia Spa Hotels AS PRESSITEADE 22.10.2014 Uus spaa- ja konverentsikeskus saab nurgakivi T\u00e4na peale l\u00f5unat&hellip;\" \/>\n<meta property=\"og:url\" content=\"https:\/\/www.spaestonia.ee\/resort\/meist\/ajalugu\/uus-spaa-ja-konverentsikeskus-saab-nurgakivi-22-10-2014\/\" \/>\n<meta property=\"og:site_name\" content=\"ESTONIA Resort Hotel Spa\" \/>\n<meta property=\"article:publisher\" content=\"https:\/\/www.facebook.com\/EstoniaResortHotel\" \/>\n<meta property=\"article:modified_time\" content=\"2015-07-05T09:00:09+00:00\" \/>\n<meta name=\"twitter:card\" content=\"summary_large_image\" \/>\n<meta name=\"twitter:label1\" content=\"Est. reading time\" \/>\n\t<meta name=\"twitter:data1\" content=\"2 minutit\" \/>\n<script type=\"application\/ld+json\" class=\"yoast-schema-graph\">{\"@context\":\"https:\/\/schema.org\",\"@graph\":[{\"@type\":\"WebPage\",\"@id\":\"https:\/\/www.spaestonia.ee\/resort\/meist\/ajalugu\/uus-spaa-ja-konverentsikeskus-saab-nurgakivi-22-10-2014\/\",\"url\":\"https:\/\/www.spaestonia.ee\/resort\/meist\/ajalugu\/uus-spaa-ja-konverentsikeskus-saab-nurgakivi-22-10-2014\/\",\"name\":\"Uus spaa- ja konverentsikeskus saab nurgakivi \/ 22.10.2014 - ESTONIA Resort Hotel Spa\",\"isPartOf\":{\"@id\":\"https:\/\/www.spaestonia.ee\/resort\/#website\"},\"datePublished\":\"2015-07-05T08:59:37+00:00\",\"dateModified\":\"2015-07-05T09:00:09+00:00\",\"breadcrumb\":{\"@id\":\"https:\/\/www.spaestonia.ee\/resort\/meist\/ajalugu\/uus-spaa-ja-konverentsikeskus-saab-nurgakivi-22-10-2014\/#breadcrumb\"},\"inLanguage\":\"et\",\"potentialAction\":[{\"@type\":\"ReadAction\",\"target\":[\"https:\/\/www.spaestonia.ee\/resort\/meist\/ajalugu\/uus-spaa-ja-konverentsikeskus-saab-nurgakivi-22-10-2014\/\"]}]},{\"@type\":\"BreadcrumbList\",\"@id\":\"https:\/\/www.spaestonia.ee\/resort\/meist\/ajalugu\/uus-spaa-ja-konverentsikeskus-saab-nurgakivi-22-10-2014\/#breadcrumb\",\"itemListElement\":[{\"@type\":\"ListItem\",\"position\":1,\"name\":\"Home\",\"item\":\"https:\/\/www.spaestonia.ee\/resort\/\"},{\"@type\":\"ListItem\",\"position\":2,\"name\":\"Meist\",\"item\":\"https:\/\/www.spaestonia.ee\/resort\/meist\/\"},{\"@type\":\"ListItem\",\"position\":3,\"name\":\"Ajalugu. Pressiteated\",\"item\":\"https:\/\/www.spaestonia.ee\/resort\/meist\/ajalugu\/\"},{\"@type\":\"ListItem\",\"position\":4,\"name\":\"Uus spaa- ja konverentsikeskus saab nurgakivi \/ 22.10.2014\"}]},{\"@type\":\"WebSite\",\"@id\":\"https:\/\/www.spaestonia.ee\/resort\/#website\",\"url\":\"https:\/\/www.spaestonia.ee\/resort\/\",\"name\":\"ESTONIA Resort Hotel Spa\",\"description\":\"Your destination in P\u00e4rnu for wellness and events\",\"publisher\":{\"@id\":\"https:\/\/www.spaestonia.ee\/resort\/#organization\"},\"potentialAction\":[{\"@type\":\"SearchAction\",\"target\":{\"@type\":\"EntryPoint\",\"urlTemplate\":\"https:\/\/www.spaestonia.ee\/resort\/?s={search_term_string}\"},\"query-input\":{\"@type\":\"PropertyValueSpecification\",\"valueRequired\":true,\"valueName\":\"search_term_string\"}}],\"inLanguage\":\"et\"},{\"@type\":\"Organization\",\"@id\":\"https:\/\/www.spaestonia.ee\/resort\/#organization\",\"name\":\"ESTONIA Resort Hotel Spa\",\"url\":\"https:\/\/www.spaestonia.ee\/resort\/\",\"logo\":{\"@type\":\"ImageObject\",\"inLanguage\":\"et\",\"@id\":\"https:\/\/www.spaestonia.ee\/resort\/#\/schema\/logo\/image\/\",\"url\":\"https:\/\/www.spaestonia.ee\/resort\/wp-content\/uploads\/2025\/02\/resort-hotel-estonia.png\",\"contentUrl\":\"https:\/\/www.spaestonia.ee\/resort\/wp-content\/uploads\/2025\/02\/resort-hotel-estonia.png\",\"width\":400,\"height\":173,\"caption\":\"ESTONIA Resort Hotel Spa\"},\"image\":{\"@id\":\"https:\/\/www.spaestonia.ee\/resort\/#\/schema\/logo\/image\/\"},\"sameAs\":[\"https:\/\/www.facebook.com\/EstoniaResortHotel\"]}]}<\/script>\n<!-- \/ Yoast SEO plugin. -->","yoast_head_json":{"title":"Uus spaa- ja konverentsikeskus saab nurgakivi \/ 22.10.2014 - ESTONIA Resort Hotel Spa","robots":{"index":"index","follow":"follow","max-snippet":"max-snippet:-1","max-image-preview":"max-image-preview:large","max-video-preview":"max-video-preview:-1"},"canonical":"https:\/\/www.spaestonia.ee\/resort\/meist\/ajalugu\/uus-spaa-ja-konverentsikeskus-saab-nurgakivi-22-10-2014\/","og_locale":"et_EE","og_type":"article","og_title":"Uus spaa- ja konverentsikeskus saab nurgakivi \/ 22.10.2014 - ESTONIA Resort Hotel Spa","og_description":"Estonia Spa Hotels AS PRESSITEADE 22.10.2014 Uus spaa- ja konverentsikeskus saab nurgakivi T\u00e4na peale l\u00f5unat&hellip;","og_url":"https:\/\/www.spaestonia.ee\/resort\/meist\/ajalugu\/uus-spaa-ja-konverentsikeskus-saab-nurgakivi-22-10-2014\/","og_site_name":"ESTONIA Resort Hotel Spa","article_publisher":"https:\/\/www.facebook.com\/EstoniaResortHotel","article_modified_time":"2015-07-05T09:00:09+00:00","twitter_card":"summary_large_image","twitter_misc":{"Est. reading time":"2 minutit"},"schema":{"@context":"https:\/\/schema.org","@graph":[{"@type":"WebPage","@id":"https:\/\/www.spaestonia.ee\/resort\/meist\/ajalugu\/uus-spaa-ja-konverentsikeskus-saab-nurgakivi-22-10-2014\/","url":"https:\/\/www.spaestonia.ee\/resort\/meist\/ajalugu\/uus-spaa-ja-konverentsikeskus-saab-nurgakivi-22-10-2014\/","name":"Uus spaa- ja konverentsikeskus saab nurgakivi \/ 22.10.2014 - ESTONIA Resort Hotel Spa","isPartOf":{"@id":"https:\/\/www.spaestonia.ee\/resort\/#website"},"datePublished":"2015-07-05T08:59:37+00:00","dateModified":"2015-07-05T09:00:09+00:00","breadcrumb":{"@id":"https:\/\/www.spaestonia.ee\/resort\/meist\/ajalugu\/uus-spaa-ja-konverentsikeskus-saab-nurgakivi-22-10-2014\/#breadcrumb"},"inLanguage":"et","potentialAction":[{"@type":"ReadAction","target":["https:\/\/www.spaestonia.ee\/resort\/meist\/ajalugu\/uus-spaa-ja-konverentsikeskus-saab-nurgakivi-22-10-2014\/"]}]},{"@type":"BreadcrumbList","@id":"https:\/\/www.spaestonia.ee\/resort\/meist\/ajalugu\/uus-spaa-ja-konverentsikeskus-saab-nurgakivi-22-10-2014\/#breadcrumb","itemListElement":[{"@type":"ListItem","position":1,"name":"Home","item":"https:\/\/www.spaestonia.ee\/resort\/"},{"@type":"ListItem","position":2,"name":"Meist","item":"https:\/\/www.spaestonia.ee\/resort\/meist\/"},{"@type":"ListItem","position":3,"name":"Ajalugu. Pressiteated","item":"https:\/\/www.spaestonia.ee\/resort\/meist\/ajalugu\/"},{"@type":"ListItem","position":4,"name":"Uus spaa- ja konverentsikeskus saab nurgakivi \/ 22.10.2014"}]},{"@type":"WebSite","@id":"https:\/\/www.spaestonia.ee\/resort\/#website","url":"https:\/\/www.spaestonia.ee\/resort\/","name":"ESTONIA Resort Hotel Spa","description":"Your destination in P\u00e4rnu for wellness and events","publisher":{"@id":"https:\/\/www.spaestonia.ee\/resort\/#organization"},"potentialAction":[{"@type":"SearchAction","target":{"@type":"EntryPoint","urlTemplate":"https:\/\/www.spaestonia.ee\/resort\/?s={search_term_string}"},"query-input":{"@type":"PropertyValueSpecification","valueRequired":true,"valueName":"search_term_string"}}],"inLanguage":"et"},{"@type":"Organization","@id":"https:\/\/www.spaestonia.ee\/resort\/#organization","name":"ESTONIA Resort Hotel Spa","url":"https:\/\/www.spaestonia.ee\/resort\/","logo":{"@type":"ImageObject","inLanguage":"et","@id":"https:\/\/www.spaestonia.ee\/resort\/#\/schema\/logo\/image\/","url":"https:\/\/www.spaestonia.ee\/resort\/wp-content\/uploads\/2025\/02\/resort-hotel-estonia.png","contentUrl":"https:\/\/www.spaestonia.ee\/resort\/wp-content\/uploads\/2025\/02\/resort-hotel-estonia.png","width":400,"height":173,"caption":"ESTONIA Resort Hotel Spa"},"image":{"@id":"https:\/\/www.spaestonia.ee\/resort\/#\/schema\/logo\/image\/"},"sameAs":["https:\/\/www.facebook.com\/EstoniaResortHotel"]}]}},"_links":{"self":[{"href":"https:\/\/www.spaestonia.ee\/resort\/wp-json\/wp\/v2\/pages\/2681","targetHints":{"allow":["GET"]}}],"collection":[{"href":"https:\/\/www.spaestonia.ee\/resort\/wp-json\/wp\/v2\/pages"}],"about":[{"href":"https:\/\/www.spaestonia.ee\/resort\/wp-json\/wp\/v2\/types\/page"}],"author":[{"embeddable":true,"href":"https:\/\/www.spaestonia.ee\/resort\/wp-json\/wp\/v2\/users\/1"}],"replies":[{"embeddable":true,"href":"https:\/\/www.spaestonia.ee\/resort\/wp-json\/wp\/v2\/comments?post=2681"}],"version-history":[{"count":1,"href":"https:\/\/www.spaestonia.ee\/resort\/wp-json\/wp\/v2\/pages\/2681\/revisions"}],"predecessor-version":[{"id":2682,"href":"https:\/\/www.spaestonia.ee\/resort\/wp-json\/wp\/v2\/pages\/2681\/revisions\/2682"}],"up":[{"embeddable":true,"href":"https:\/\/www.spaestonia.ee\/resort\/wp-json\/wp\/v2\/pages\/2276"}],"wp:attachment":[{"href":"https:\/\/www.spaestonia.ee\/resort\/wp-json\/wp\/v2\/media?parent=2681"}],"curies":[{"name":"wp","href":"https:\/\/api.w.org\/{rel}","templated":true}]}}