{"id":2684,"date":"2015-07-05T12:05:22","date_gmt":"2015-07-05T09:05:22","guid":{"rendered":"https:\/\/www.spaestonia.ee\/resort\/?page_id=2684"},"modified":"2015-07-05T12:09:47","modified_gmt":"2015-07-05T09:09:47","slug":"parnus-valmis-estonia-resort-hotel-spa-01-07-2015","status":"publish","type":"page","link":"https:\/\/www.spaestonia.ee\/resort\/meist\/ajalugu\/parnus-valmis-estonia-resort-hotel-spa-01-07-2015\/","title":{"rendered":"P\u00e4rnus valmis ESTONIA Resort Hotel &#038; Spa \/ 01.07.2015"},"content":{"rendered":"<p>Nordecon AS \/ Estonia Spa Hotels AS<br \/>\nPRESSITEADE<br \/>\n01.07.2015<\/p>\n<p><strong>Nordecon ehitas Estonia Spa Hotels ASi tellimusel P\u00e4rnus t\u00e4ielikult \u00fcmber senise Rohelise ja Valge maja. KOKO arhitektide abiga uue n\u00e4o ja kontseptsiooni saanud kuurorthotell ESTONIA Resort Hotel &amp; Spa avab k\u00fclastajatele uksed homme, 2. juulil.<\/strong><\/p>\n<p>\u201eEhitaja jaoks oli tegemist huvitava ja v\u00e4ljakutsete rohke \u00fclesandega, kuna sama funktsiooniga j\u00e4tkava hoonekompleksi sisemus ja v\u00e4limus muutusid \u00fcmberehituse k\u00e4igus pea tundmatuseni \u2013 Eestis sellist praktikat tihti ei kohta,\u201c lausus Nordecon ASi juhatuse liige<strong>Erkki Suurorg<\/strong>. \u201eSeejuures m\u00e4ngis v\u00e4ga olulist rolli kolmepoolne koost\u00f6\u00f6, kus tellija, arhitekt ja ehitaja samaaegselt tegutsedes suutsid \u00fcletada mitmeid vastuolusid ja j\u00f5udsid nauditava tulemuseni. Kaasaegne ja omalaadse kontseptsiooniga uus kuurorthotell on pilkup\u00fc\u00fcdev ja suudab k\u00fclastajaid igati \u00fcllatada.\u201c<\/p>\n<p>Estonia Spa Hotels ASi juhataja <strong>Andrus Aljase<\/strong> s\u00f5nul lubab pikaajaliste traditsioonidega ravispaa \u2013 Pargi maja ehk ESTONIA Medical Spa &amp; Hotel \u2013 k\u00f5rvale rajatud hotelli- ja spaakompleks koos uue konverentsikeskusega pakkuda senisest oluliselt mitmek\u00fclgsemaid ja kvaliteetsemaid teenuseid, olles samas oma ni\u0161is ainulaadne ja omap\u00e4rane. \u201eOleme inspiratsiooni ammutanud Eesti loodusest, rahvuslikest traditsioonidest, k\u00e4sit\u00f6\u00f6st ja kultuurist. Uut puhkamiskeskkonda luues oleme <em>wellness-<\/em>valdkonna k\u00f5rval muu hulgas p\u00f6\u00f6ranud erilist t\u00e4helepanu ka une kvaliteedile.\u201c<\/p>\n<p>Uues kuurorthotellis on 106 k\u00f5igi mugavustega hotellituba. K\u00f5ik toad on mittesuitsetajatele ja sobivad allergikutele. Hotelli spaa- ja konverentsimaja 1. korrusel avab uksed konverentsikeskus enam kui 300 k\u00fclalisele, 2. ja 3. korrusel asub ainulaadne spaa- ja saunakeskus.<\/p>\n","protected":false},"excerpt":{"rendered":"<p>Nordecon AS \/ Estonia Spa Hotels AS PRESSITEADE 01.07.2015 Nordecon ehitas Estonia Spa Hotels ASi&hellip;<\/p>\n","protected":false},"author":1,"featured_media":0,"parent":2276,"menu_order":0,"comment_status":"closed","ping_status":"open","template":"","meta":{"footnotes":""},"class_list":["post-2684","page","type-page","status-publish","hentry"],"yoast_head":"<!-- This site is optimized with the Yoast SEO plugin v26.7 - https:\/\/yoast.com\/wordpress\/plugins\/seo\/ -->\n<title>P\u00e4rnus valmis ESTONIA Resort Hotel &amp; Spa \/ 01.07.2015 - ESTONIA Resort Hotel Spa<\/title>\n<meta name=\"robots\" content=\"index, follow, max-snippet:-1, max-image-preview:large, max-video-preview:-1\" \/>\n<link rel=\"canonical\" href=\"https:\/\/www.spaestonia.ee\/resort\/meist\/ajalugu\/parnus-valmis-estonia-resort-hotel-spa-01-07-2015\/\" \/>\n<meta property=\"og:locale\" content=\"et_EE\" \/>\n<meta property=\"og:type\" content=\"article\" \/>\n<meta property=\"og:title\" content=\"P\u00e4rnus valmis ESTONIA Resort Hotel &amp; Spa \/ 01.07.2015 - ESTONIA Resort Hotel Spa\" \/>\n<meta property=\"og:description\" content=\"Nordecon AS \/ Estonia Spa Hotels AS PRESSITEADE 01.07.2015 Nordecon ehitas Estonia Spa Hotels ASi&hellip;\" \/>\n<meta property=\"og:url\" content=\"https:\/\/www.spaestonia.ee\/resort\/meist\/ajalugu\/parnus-valmis-estonia-resort-hotel-spa-01-07-2015\/\" \/>\n<meta property=\"og:site_name\" content=\"ESTONIA Resort Hotel Spa\" \/>\n<meta property=\"article:publisher\" content=\"https:\/\/www.facebook.com\/EstoniaResortHotel\" \/>\n<meta property=\"article:modified_time\" content=\"2015-07-05T09:09:47+00:00\" \/>\n<meta name=\"twitter:card\" content=\"summary_large_image\" \/>\n<meta name=\"twitter:label1\" content=\"Est. reading time\" \/>\n\t<meta name=\"twitter:data1\" content=\"1 minut\" \/>\n<script type=\"application\/ld+json\" class=\"yoast-schema-graph\">{\"@context\":\"https:\/\/schema.org\",\"@graph\":[{\"@type\":\"WebPage\",\"@id\":\"https:\/\/www.spaestonia.ee\/resort\/meist\/ajalugu\/parnus-valmis-estonia-resort-hotel-spa-01-07-2015\/\",\"url\":\"https:\/\/www.spaestonia.ee\/resort\/meist\/ajalugu\/parnus-valmis-estonia-resort-hotel-spa-01-07-2015\/\",\"name\":\"P\u00e4rnus valmis ESTONIA Resort Hotel & Spa \/ 01.07.2015 - ESTONIA Resort Hotel Spa\",\"isPartOf\":{\"@id\":\"https:\/\/www.spaestonia.ee\/resort\/#website\"},\"datePublished\":\"2015-07-05T09:05:22+00:00\",\"dateModified\":\"2015-07-05T09:09:47+00:00\",\"breadcrumb\":{\"@id\":\"https:\/\/www.spaestonia.ee\/resort\/meist\/ajalugu\/parnus-valmis-estonia-resort-hotel-spa-01-07-2015\/#breadcrumb\"},\"inLanguage\":\"et\",\"potentialAction\":[{\"@type\":\"ReadAction\",\"target\":[\"https:\/\/www.spaestonia.ee\/resort\/meist\/ajalugu\/parnus-valmis-estonia-resort-hotel-spa-01-07-2015\/\"]}]},{\"@type\":\"BreadcrumbList\",\"@id\":\"https:\/\/www.spaestonia.ee\/resort\/meist\/ajalugu\/parnus-valmis-estonia-resort-hotel-spa-01-07-2015\/#breadcrumb\",\"itemListElement\":[{\"@type\":\"ListItem\",\"position\":1,\"name\":\"Home\",\"item\":\"https:\/\/www.spaestonia.ee\/resort\/\"},{\"@type\":\"ListItem\",\"position\":2,\"name\":\"Meist\",\"item\":\"https:\/\/www.spaestonia.ee\/resort\/meist\/\"},{\"@type\":\"ListItem\",\"position\":3,\"name\":\"Ajalugu \/ Pressiteated\",\"item\":\"https:\/\/www.spaestonia.ee\/resort\/meist\/ajalugu\/\"},{\"@type\":\"ListItem\",\"position\":4,\"name\":\"P\u00e4rnus valmis ESTONIA Resort Hotel &#038; Spa \/ 01.07.2015\"}]},{\"@type\":\"WebSite\",\"@id\":\"https:\/\/www.spaestonia.ee\/resort\/#website\",\"url\":\"https:\/\/www.spaestonia.ee\/resort\/\",\"name\":\"ESTONIA Resort Hotel Spa\",\"description\":\"Your destination in P\u00e4rnu for wellness and events\",\"publisher\":{\"@id\":\"https:\/\/www.spaestonia.ee\/resort\/#organization\"},\"potentialAction\":[{\"@type\":\"SearchAction\",\"target\":{\"@type\":\"EntryPoint\",\"urlTemplate\":\"https:\/\/www.spaestonia.ee\/resort\/?s={search_term_string}\"},\"query-input\":{\"@type\":\"PropertyValueSpecification\",\"valueRequired\":true,\"valueName\":\"search_term_string\"}}],\"inLanguage\":\"et\"},{\"@type\":\"Organization\",\"@id\":\"https:\/\/www.spaestonia.ee\/resort\/#organization\",\"name\":\"ESTONIA Resort Hotel Spa\",\"url\":\"https:\/\/www.spaestonia.ee\/resort\/\",\"logo\":{\"@type\":\"ImageObject\",\"inLanguage\":\"et\",\"@id\":\"https:\/\/www.spaestonia.ee\/resort\/#\/schema\/logo\/image\/\",\"url\":\"https:\/\/www.spaestonia.ee\/resort\/wp-content\/uploads\/2025\/02\/resort-hotel-estonia.png\",\"contentUrl\":\"https:\/\/www.spaestonia.ee\/resort\/wp-content\/uploads\/2025\/02\/resort-hotel-estonia.png\",\"width\":400,\"height\":173,\"caption\":\"ESTONIA Resort Hotel Spa\"},\"image\":{\"@id\":\"https:\/\/www.spaestonia.ee\/resort\/#\/schema\/logo\/image\/\"},\"sameAs\":[\"https:\/\/www.facebook.com\/EstoniaResortHotel\"]}]}<\/script>\n<!-- \/ Yoast SEO plugin. -->","yoast_head_json":{"title":"P\u00e4rnus valmis ESTONIA Resort Hotel & Spa \/ 01.07.2015 - ESTONIA Resort Hotel Spa","robots":{"index":"index","follow":"follow","max-snippet":"max-snippet:-1","max-image-preview":"max-image-preview:large","max-video-preview":"max-video-preview:-1"},"canonical":"https:\/\/www.spaestonia.ee\/resort\/meist\/ajalugu\/parnus-valmis-estonia-resort-hotel-spa-01-07-2015\/","og_locale":"et_EE","og_type":"article","og_title":"P\u00e4rnus valmis ESTONIA Resort Hotel & Spa \/ 01.07.2015 - ESTONIA Resort Hotel Spa","og_description":"Nordecon AS \/ Estonia Spa Hotels AS PRESSITEADE 01.07.2015 Nordecon ehitas Estonia Spa Hotels ASi&hellip;","og_url":"https:\/\/www.spaestonia.ee\/resort\/meist\/ajalugu\/parnus-valmis-estonia-resort-hotel-spa-01-07-2015\/","og_site_name":"ESTONIA Resort Hotel Spa","article_publisher":"https:\/\/www.facebook.com\/EstoniaResortHotel","article_modified_time":"2015-07-05T09:09:47+00:00","twitter_card":"summary_large_image","twitter_misc":{"Est. reading time":"1 minut"},"schema":{"@context":"https:\/\/schema.org","@graph":[{"@type":"WebPage","@id":"https:\/\/www.spaestonia.ee\/resort\/meist\/ajalugu\/parnus-valmis-estonia-resort-hotel-spa-01-07-2015\/","url":"https:\/\/www.spaestonia.ee\/resort\/meist\/ajalugu\/parnus-valmis-estonia-resort-hotel-spa-01-07-2015\/","name":"P\u00e4rnus valmis ESTONIA Resort Hotel & Spa \/ 01.07.2015 - ESTONIA Resort Hotel Spa","isPartOf":{"@id":"https:\/\/www.spaestonia.ee\/resort\/#website"},"datePublished":"2015-07-05T09:05:22+00:00","dateModified":"2015-07-05T09:09:47+00:00","breadcrumb":{"@id":"https:\/\/www.spaestonia.ee\/resort\/meist\/ajalugu\/parnus-valmis-estonia-resort-hotel-spa-01-07-2015\/#breadcrumb"},"inLanguage":"et","potentialAction":[{"@type":"ReadAction","target":["https:\/\/www.spaestonia.ee\/resort\/meist\/ajalugu\/parnus-valmis-estonia-resort-hotel-spa-01-07-2015\/"]}]},{"@type":"BreadcrumbList","@id":"https:\/\/www.spaestonia.ee\/resort\/meist\/ajalugu\/parnus-valmis-estonia-resort-hotel-spa-01-07-2015\/#breadcrumb","itemListElement":[{"@type":"ListItem","position":1,"name":"Home","item":"https:\/\/www.spaestonia.ee\/resort\/"},{"@type":"ListItem","position":2,"name":"Meist","item":"https:\/\/www.spaestonia.ee\/resort\/meist\/"},{"@type":"ListItem","position":3,"name":"Ajalugu \/ Pressiteated","item":"https:\/\/www.spaestonia.ee\/resort\/meist\/ajalugu\/"},{"@type":"ListItem","position":4,"name":"P\u00e4rnus valmis ESTONIA Resort Hotel &#038; Spa \/ 01.07.2015"}]},{"@type":"WebSite","@id":"https:\/\/www.spaestonia.ee\/resort\/#website","url":"https:\/\/www.spaestonia.ee\/resort\/","name":"ESTONIA Resort Hotel Spa","description":"Your destination in P\u00e4rnu for wellness and events","publisher":{"@id":"https:\/\/www.spaestonia.ee\/resort\/#organization"},"potentialAction":[{"@type":"SearchAction","target":{"@type":"EntryPoint","urlTemplate":"https:\/\/www.spaestonia.ee\/resort\/?s={search_term_string}"},"query-input":{"@type":"PropertyValueSpecification","valueRequired":true,"valueName":"search_term_string"}}],"inLanguage":"et"},{"@type":"Organization","@id":"https:\/\/www.spaestonia.ee\/resort\/#organization","name":"ESTONIA Resort Hotel Spa","url":"https:\/\/www.spaestonia.ee\/resort\/","logo":{"@type":"ImageObject","inLanguage":"et","@id":"https:\/\/www.spaestonia.ee\/resort\/#\/schema\/logo\/image\/","url":"https:\/\/www.spaestonia.ee\/resort\/wp-content\/uploads\/2025\/02\/resort-hotel-estonia.png","contentUrl":"https:\/\/www.spaestonia.ee\/resort\/wp-content\/uploads\/2025\/02\/resort-hotel-estonia.png","width":400,"height":173,"caption":"ESTONIA Resort Hotel Spa"},"image":{"@id":"https:\/\/www.spaestonia.ee\/resort\/#\/schema\/logo\/image\/"},"sameAs":["https:\/\/www.facebook.com\/EstoniaResortHotel"]}]}},"_links":{"self":[{"href":"https:\/\/www.spaestonia.ee\/resort\/wp-json\/wp\/v2\/pages\/2684","targetHints":{"allow":["GET"]}}],"collection":[{"href":"https:\/\/www.spaestonia.ee\/resort\/wp-json\/wp\/v2\/pages"}],"about":[{"href":"https:\/\/www.spaestonia.ee\/resort\/wp-json\/wp\/v2\/types\/page"}],"author":[{"embeddable":true,"href":"https:\/\/www.spaestonia.ee\/resort\/wp-json\/wp\/v2\/users\/1"}],"replies":[{"embeddable":true,"href":"https:\/\/www.spaestonia.ee\/resort\/wp-json\/wp\/v2\/comments?post=2684"}],"version-history":[{"count":4,"href":"https:\/\/www.spaestonia.ee\/resort\/wp-json\/wp\/v2\/pages\/2684\/revisions"}],"predecessor-version":[{"id":2691,"href":"https:\/\/www.spaestonia.ee\/resort\/wp-json\/wp\/v2\/pages\/2684\/revisions\/2691"}],"up":[{"embeddable":true,"href":"https:\/\/www.spaestonia.ee\/resort\/wp-json\/wp\/v2\/pages\/2276"}],"wp:attachment":[{"href":"https:\/\/www.spaestonia.ee\/resort\/wp-json\/wp\/v2\/media?parent=2684"}],"curies":[{"name":"wp","href":"https:\/\/api.w.org\/{rel}","templated":true}]}}