{"id":38202,"date":"2023-06-06T16:54:53","date_gmt":"2023-06-06T13:54:53","guid":{"rendered":"https:\/\/www.spaestonia.ee\/resort\/?page_id=38202"},"modified":"2025-04-23T10:16:51","modified_gmt":"2025-04-23T07:16:51","slug":"hotelli-info","status":"publish","type":"page","link":"https:\/\/www.spaestonia.ee\/resort\/hotelli-info\/","title":{"rendered":"HOTELLI INFO"},"content":{"rendered":"<h2>Hea k\u00fclaline!<\/h2>\n<p>Eestimaisest disainist pakatav hotell, rikkaliku saunade valikuga spaakeskus, l\u00f5\u00f5gastavad spaahoolitsused, h\u00f5rgutavad maitseelamused restoranis, v\u00e4rskendavad kokteilid lobby baaris, avar j\u00f5usaal, multifunktsionaalne konverentsikeskus \u2013 nautige meie mitmek\u00fclgset kuurorthotelli ja P\u00e4rnut!<\/p>\n<p>Meile on oluline, et Teie k\u00fclastus m\u00f5\u00f5duks suurep\u00e4raselt. V\u00f5tke julgelt meiega \u00fchendust, kui Teil tekib k\u00fcsimusi v\u00f5i soove!<\/p>\n<p>Soovime Teile imelisi elamusi meie hotellis!<br \/>\nESTONIA Resort Hotel &amp; Spa meeskond<\/p>\n<hr \/>\n<p>Tutvu allolevalt olulisema hotelli infoga:<\/p>\n<ul>\n<li><a href=\"https:\/\/www.spaestonia.ee\/resort\/hotelli-vastuvott\/\"><strong>HOTELLI VASTUV\u00d5TT<\/strong><\/a><\/li>\n<li><strong><a href=\"https:\/\/www.spaestonia.ee\/resort\/olulised-telefoninumbrid\/\">OLULISED TELEFONINUMBRID<\/a><\/strong><\/li>\n<li><strong><a href=\"https:\/\/www.spaestonia.ee\/resort\/muu-info\/\">MUU INFO<\/a> <\/strong>(wifi, elekter, suitsetamine, \u00f6\u00f6rahu)<\/li>\n<li><a href=\"https:\/\/www.spaestonia.ee\/resort\/sook-ja-jook\/\"><strong>S\u00d6\u00d6K JA JOOK<\/strong><\/a> (hommikus\u00f6\u00f6k, restoran NOOT, kohvik NOOT)<\/li>\n<li><a href=\"https:\/\/www.spaestonia.ee\/resort\/teenused\/\"><strong>TEENUSED<\/strong><\/a> (spaakeskus SPA &amp; SAUN, privaatsaun Kadaka Klubi, spaahoolitsused, j\u00f5usaal)<\/li>\n<li><strong><a href=\"https:\/\/www.spaestonia.ee\/resort\/konditsioneer\/\">KONDITSIONEER<\/a>\u00a0<\/strong><\/li>\n<li><strong><a href=\"https:\/\/www.spaestonia.ee\/resort\/tubade-koristamine\/\">TUBADE KORISTAMINE<\/a><\/strong><\/li>\n<li><strong><a href=\"https:\/\/www.spaestonia.ee\/resort\/tuleohutus\/\">TULEOHUTUS<\/a><\/strong><\/li>\n<li><strong><a href=\"https:\/\/www.spaestonia.ee\/resort\/lemmikloom\/\">LEMMIKLOOM<\/a><\/strong><\/li>\n<li><strong><a href=\"https:\/\/www.spaestonia.ee\/resort\/konverentsikeskus-2\/\">KONVERENTSIKESKUS<\/a><\/strong><\/li>\n<\/ul>\n<hr \/>\n<p>Meie hotell on ammutanud inspiratsiooni Eesti loodusest, traditsioonidest, k\u00e4sit\u00f6\u00f6st ja kultuurist, siin on peidus palju ehedat ja eestimaist. <strong><a href=\"https:\/\/www.spaestonia.ee\/resort\/toredat-avastamist\/\">TOREDAT AVASTAMIST<\/a>!<\/strong><\/p>\n","protected":false},"excerpt":{"rendered":"<p>Hea k\u00fclaline! Eestimaisest disainist pakatav hotell, rikkaliku saunade valikuga spaakeskus, l\u00f5\u00f5gastavad spaahoolitsused, h\u00f5rgutavad maitseelamused restoranis,&hellip;<\/p>\n","protected":false},"author":18,"featured_media":0,"parent":0,"menu_order":0,"comment_status":"closed","ping_status":"closed","template":"","meta":{"footnotes":""},"class_list":["post-38202","page","type-page","status-publish","hentry"],"yoast_head":"<!-- This site is optimized with the Yoast SEO plugin v26.7 - https:\/\/yoast.com\/wordpress\/plugins\/seo\/ -->\n<title>HOTELLI INFO - ESTONIA Resort Hotel Spa<\/title>\n<meta name=\"robots\" content=\"index, follow, max-snippet:-1, max-image-preview:large, max-video-preview:-1\" \/>\n<link rel=\"canonical\" href=\"https:\/\/www.spaestonia.ee\/resort\/hotelli-info\/\" \/>\n<meta property=\"og:locale\" content=\"et_EE\" \/>\n<meta property=\"og:type\" content=\"article\" \/>\n<meta property=\"og:title\" content=\"HOTELLI INFO - ESTONIA Resort Hotel Spa\" \/>\n<meta property=\"og:description\" content=\"Hea k\u00fclaline! Eestimaisest disainist pakatav hotell, rikkaliku saunade valikuga spaakeskus, l\u00f5\u00f5gastavad spaahoolitsused, h\u00f5rgutavad maitseelamused restoranis,&hellip;\" \/>\n<meta property=\"og:url\" content=\"https:\/\/www.spaestonia.ee\/resort\/hotelli-info\/\" \/>\n<meta property=\"og:site_name\" content=\"ESTONIA Resort Hotel Spa\" \/>\n<meta property=\"article:publisher\" content=\"https:\/\/www.facebook.com\/EstoniaResortHotel\" \/>\n<meta property=\"article:modified_time\" content=\"2025-04-23T07:16:51+00:00\" \/>\n<meta name=\"twitter:card\" content=\"summary_large_image\" \/>\n<meta name=\"twitter:label1\" content=\"Est. reading time\" \/>\n\t<meta name=\"twitter:data1\" content=\"1 minut\" \/>\n<script type=\"application\/ld+json\" class=\"yoast-schema-graph\">{\"@context\":\"https:\/\/schema.org\",\"@graph\":[{\"@type\":\"WebPage\",\"@id\":\"https:\/\/www.spaestonia.ee\/resort\/hotelli-info\/\",\"url\":\"https:\/\/www.spaestonia.ee\/resort\/hotelli-info\/\",\"name\":\"HOTELLI INFO - ESTONIA Resort Hotel Spa\",\"isPartOf\":{\"@id\":\"https:\/\/www.spaestonia.ee\/resort\/#website\"},\"datePublished\":\"2023-06-06T13:54:53+00:00\",\"dateModified\":\"2025-04-23T07:16:51+00:00\",\"breadcrumb\":{\"@id\":\"https:\/\/www.spaestonia.ee\/resort\/hotelli-info\/#breadcrumb\"},\"inLanguage\":\"et\",\"potentialAction\":[{\"@type\":\"ReadAction\",\"target\":[\"https:\/\/www.spaestonia.ee\/resort\/hotelli-info\/\"]}]},{\"@type\":\"BreadcrumbList\",\"@id\":\"https:\/\/www.spaestonia.ee\/resort\/hotelli-info\/#breadcrumb\",\"itemListElement\":[{\"@type\":\"ListItem\",\"position\":1,\"name\":\"Home\",\"item\":\"https:\/\/www.spaestonia.ee\/resort\/\"},{\"@type\":\"ListItem\",\"position\":2,\"name\":\"HOTELLI INFO\"}]},{\"@type\":\"WebSite\",\"@id\":\"https:\/\/www.spaestonia.ee\/resort\/#website\",\"url\":\"https:\/\/www.spaestonia.ee\/resort\/\",\"name\":\"ESTONIA Resort Hotel Spa\",\"description\":\"Your destination in P\u00e4rnu for wellness and events\",\"publisher\":{\"@id\":\"https:\/\/www.spaestonia.ee\/resort\/#organization\"},\"potentialAction\":[{\"@type\":\"SearchAction\",\"target\":{\"@type\":\"EntryPoint\",\"urlTemplate\":\"https:\/\/www.spaestonia.ee\/resort\/?s={search_term_string}\"},\"query-input\":{\"@type\":\"PropertyValueSpecification\",\"valueRequired\":true,\"valueName\":\"search_term_string\"}}],\"inLanguage\":\"et\"},{\"@type\":\"Organization\",\"@id\":\"https:\/\/www.spaestonia.ee\/resort\/#organization\",\"name\":\"ESTONIA Resort Hotel Spa\",\"url\":\"https:\/\/www.spaestonia.ee\/resort\/\",\"logo\":{\"@type\":\"ImageObject\",\"inLanguage\":\"et\",\"@id\":\"https:\/\/www.spaestonia.ee\/resort\/#\/schema\/logo\/image\/\",\"url\":\"https:\/\/www.spaestonia.ee\/resort\/wp-content\/uploads\/2025\/02\/resort-hotel-estonia.png\",\"contentUrl\":\"https:\/\/www.spaestonia.ee\/resort\/wp-content\/uploads\/2025\/02\/resort-hotel-estonia.png\",\"width\":400,\"height\":173,\"caption\":\"ESTONIA Resort Hotel Spa\"},\"image\":{\"@id\":\"https:\/\/www.spaestonia.ee\/resort\/#\/schema\/logo\/image\/\"},\"sameAs\":[\"https:\/\/www.facebook.com\/EstoniaResortHotel\"]}]}<\/script>\n<!-- \/ Yoast SEO plugin. -->","yoast_head_json":{"title":"HOTELLI INFO - ESTONIA Resort Hotel Spa","robots":{"index":"index","follow":"follow","max-snippet":"max-snippet:-1","max-image-preview":"max-image-preview:large","max-video-preview":"max-video-preview:-1"},"canonical":"https:\/\/www.spaestonia.ee\/resort\/hotelli-info\/","og_locale":"et_EE","og_type":"article","og_title":"HOTELLI INFO - ESTONIA Resort Hotel Spa","og_description":"Hea k\u00fclaline! Eestimaisest disainist pakatav hotell, rikkaliku saunade valikuga spaakeskus, l\u00f5\u00f5gastavad spaahoolitsused, h\u00f5rgutavad maitseelamused restoranis,&hellip;","og_url":"https:\/\/www.spaestonia.ee\/resort\/hotelli-info\/","og_site_name":"ESTONIA Resort Hotel Spa","article_publisher":"https:\/\/www.facebook.com\/EstoniaResortHotel","article_modified_time":"2025-04-23T07:16:51+00:00","twitter_card":"summary_large_image","twitter_misc":{"Est. reading time":"1 minut"},"schema":{"@context":"https:\/\/schema.org","@graph":[{"@type":"WebPage","@id":"https:\/\/www.spaestonia.ee\/resort\/hotelli-info\/","url":"https:\/\/www.spaestonia.ee\/resort\/hotelli-info\/","name":"HOTELLI INFO - ESTONIA Resort Hotel Spa","isPartOf":{"@id":"https:\/\/www.spaestonia.ee\/resort\/#website"},"datePublished":"2023-06-06T13:54:53+00:00","dateModified":"2025-04-23T07:16:51+00:00","breadcrumb":{"@id":"https:\/\/www.spaestonia.ee\/resort\/hotelli-info\/#breadcrumb"},"inLanguage":"et","potentialAction":[{"@type":"ReadAction","target":["https:\/\/www.spaestonia.ee\/resort\/hotelli-info\/"]}]},{"@type":"BreadcrumbList","@id":"https:\/\/www.spaestonia.ee\/resort\/hotelli-info\/#breadcrumb","itemListElement":[{"@type":"ListItem","position":1,"name":"Home","item":"https:\/\/www.spaestonia.ee\/resort\/"},{"@type":"ListItem","position":2,"name":"HOTELLI INFO"}]},{"@type":"WebSite","@id":"https:\/\/www.spaestonia.ee\/resort\/#website","url":"https:\/\/www.spaestonia.ee\/resort\/","name":"ESTONIA Resort Hotel Spa","description":"Your destination in P\u00e4rnu for wellness and events","publisher":{"@id":"https:\/\/www.spaestonia.ee\/resort\/#organization"},"potentialAction":[{"@type":"SearchAction","target":{"@type":"EntryPoint","urlTemplate":"https:\/\/www.spaestonia.ee\/resort\/?s={search_term_string}"},"query-input":{"@type":"PropertyValueSpecification","valueRequired":true,"valueName":"search_term_string"}}],"inLanguage":"et"},{"@type":"Organization","@id":"https:\/\/www.spaestonia.ee\/resort\/#organization","name":"ESTONIA Resort Hotel Spa","url":"https:\/\/www.spaestonia.ee\/resort\/","logo":{"@type":"ImageObject","inLanguage":"et","@id":"https:\/\/www.spaestonia.ee\/resort\/#\/schema\/logo\/image\/","url":"https:\/\/www.spaestonia.ee\/resort\/wp-content\/uploads\/2025\/02\/resort-hotel-estonia.png","contentUrl":"https:\/\/www.spaestonia.ee\/resort\/wp-content\/uploads\/2025\/02\/resort-hotel-estonia.png","width":400,"height":173,"caption":"ESTONIA Resort Hotel Spa"},"image":{"@id":"https:\/\/www.spaestonia.ee\/resort\/#\/schema\/logo\/image\/"},"sameAs":["https:\/\/www.facebook.com\/EstoniaResortHotel"]}]}},"_links":{"self":[{"href":"https:\/\/www.spaestonia.ee\/resort\/wp-json\/wp\/v2\/pages\/38202","targetHints":{"allow":["GET"]}}],"collection":[{"href":"https:\/\/www.spaestonia.ee\/resort\/wp-json\/wp\/v2\/pages"}],"about":[{"href":"https:\/\/www.spaestonia.ee\/resort\/wp-json\/wp\/v2\/types\/page"}],"author":[{"embeddable":true,"href":"https:\/\/www.spaestonia.ee\/resort\/wp-json\/wp\/v2\/users\/18"}],"replies":[{"embeddable":true,"href":"https:\/\/www.spaestonia.ee\/resort\/wp-json\/wp\/v2\/comments?post=38202"}],"version-history":[{"count":24,"href":"https:\/\/www.spaestonia.ee\/resort\/wp-json\/wp\/v2\/pages\/38202\/revisions"}],"predecessor-version":[{"id":38362,"href":"https:\/\/www.spaestonia.ee\/resort\/wp-json\/wp\/v2\/pages\/38202\/revisions\/38362"}],"wp:attachment":[{"href":"https:\/\/www.spaestonia.ee\/resort\/wp-json\/wp\/v2\/media?parent=38202"}],"curies":[{"name":"wp","href":"https:\/\/api.w.org\/{rel}","templated":true}]}}