{"id":4894,"date":"2015-11-11T13:38:10","date_gmt":"2015-11-11T11:38:10","guid":{"rendered":"https:\/\/www.spaestonia.ee\/resort\/?page_id=4894"},"modified":"2025-11-07T15:21:43","modified_gmt":"2025-11-07T13:21:43","slug":"restoran-noot-joogikaart","status":"publish","type":"page","link":"https:\/\/www.spaestonia.ee\/resort\/restoran-noot\/restoran-noot-joogikaart\/","title":{"rendered":"Restoran NOOT joogikaart"},"content":{"rendered":"<h2>\u0160AMPANJA | CHAMPAGNE<\/h2>\n<hr \/>\n<p>Champagne Moet &amp; Chandon Brut Imperial, FRA<br \/>\n20 cl 29 \u20ac<\/p>\n<p>Champagne Lanson Rose Label Brut, FRA<br \/>\n75 cl 96 \u20ac<\/p>\n<p>Champagne Ruinart Brut, FRA<br \/>\n75 cl 92 \u20ac<\/p>\n<p>Champagne Veuve Clicquot Brut Reserve Cuvee, FRA<br \/>\n75 cl 86 \u20ac<\/p>\n<p>Champagne Moet &amp; Chandon Brut Imperial, FRA<br \/>\n75 cl 82 \u20ac<br \/>\n20 cl 29 \u20ac<\/p>\n<p>De Saint Gall Premier Cru Brut Blanc de Blancs, FRA<br \/>\n75 cl 69 \u20ac<\/p>\n<h2>VAHUVEIN | SPARKLING WINE<\/h2>\n<hr \/>\n<p>Jaume Serra Cava Brut Nature, ESP<br \/>\n75 cl 28 \u20ac<br \/>\n20 cl 8 \u20ac<\/p>\n<p>Prosecco Maschio Dei Cavalieri Valdobbiadene Superiore<br \/>\nMillessimato Brut, ITA<br \/>\n75cl 32 \u20ac<\/p>\n<p>Bruto de Portugal Sparkling Rose, POR<br \/>\n75cl 31 \u20ac<\/p>\n<p>Acquesi Asti Spumante, sweet\/magus, ITA<br \/>\n75 cl 26 \u20ac<\/p>\n<p>Bouvet Ladubay Excellance Cremant de Loire Brut, FRA<br \/>\n75 cl 38 \u20ac<\/p>\n<p>Luna De Murviedro Alcohol Free Sparkling, ESP<br \/>\n75 cl 18 \u20ac<br \/>\n14 cl\u00a0 5\u00a0 \u20ac<\/p>\n<h2>VALGE VEIN | WHITE WINE<\/h2>\n<hr \/>\n<p>Pinot Grigio Organic, Barone Montalto, ITA<br \/>\n75 cl\u00a0 29 \u20ac<br \/>\n16 cl\u00a0 6.50 \u20ac<\/p>\n<p>Loureiro-Alvarinho, Quinta De Azevedo, Vinho Verde, POR<br \/>\n75 cl 32 \u20ac<br \/>\n16 cl\u00a0 6.50 \u20ac<\/p>\n<p>Vermentino, Chapoutier Marius, Languedoc, FRA<br \/>\n75 cl 34 \u20ac<br \/>\n16 cl \u00a07 \u20ac<\/p>\n<p>Gr\u00fcner Veltliner Zero Alcohol Free, Winzer Krems, Kremstal, AUT<br \/>\n75 cl 26 \u20ac<br \/>\n16 cl 6 \u20ac<\/p>\n<p>Chablis, William Fevre, Burgundy, FRA<br \/>\n75 cl 47 \u20ac<\/p>\n<p>Albarino, Pazo das Bruxas, Miguel Torres, Rias Baixas, \u00a0ESP<br \/>\n75 cl \u00a038 \u20ac<\/p>\n<p>Chardonnay, Tomaresca, Puglia, ITA<br \/>\n75 cl 36 \u20ac<\/p>\n<p>Verdejo, Bardos, Rueda, ESP<br \/>\n75 cl 38 \u20ac<\/p>\n<p>Gr\u00fcner Veltliner, Vom Haus, Pfaffl, Nieder\u00f6sterreich, AUT<br \/>\n75 cl 56 \u20ac<\/p>\n<p>Sauvignon Blanc Organic, \u00a0Clos Henri Estate, Marlborough, NZL<br \/>\n75 cl 39 \u20ac<\/p>\n<h2>ROOSA VEIN | ROSE WINE<\/h2>\n<hr \/>\n<p>Rose Albia, Barone Ricasoli, Toscana, ITA<br \/>\n75 cl 32 \u20ac<br \/>\n16 cl 6.50\u00a0 \u20ac<\/p>\n<p>Cotes de Provence, Roumery, Chapoutier Ferrages, Provence, FRA<br \/>\n75 cl 38 \u20ac<\/p>\n<h2>PUNANE VEIN | RED WINE<\/h2>\n<hr \/>\n<p>Castellani, Guadalmare, Maremma, Toscana, ITA<br \/>\n75 cl 32 \u20ac<br \/>\n16 cl<strong>\u00a0<\/strong>6.50 \u20ac<\/p>\n<p>Pinot Noir Pay`s d`Oc, Baron Philippe de Rothschild, Languedoc-Roussillon, FRA<br \/>\n75 cl 34 \u20ac<br \/>\n16 cl\u00a0 7 \u20ac<\/p>\n<p>Marques de Riscal, Vina Collada, Rioja, ESP<br \/>\n75 cl 29 \u20ac<br \/>\n16 cl \u00a06.50 \u20ac<\/p>\n<p>Syrah, Avenue de la Gare, M.Chapoutier Marius, Rhone Valley, FRA<br \/>\n75 cl\u00a0 38 \u20ac<\/p>\n<p>Chianti Classico Brolio, Barone Ricasoli, Toscana, ITA<br \/>\n75 cl \u00a042 \u20ac<\/p>\n<p>Tommasi Ripasso Il Sestante, Veneto, ITA<br \/>\n75 cl 48 \u00a0\u20ac<\/p>\n<p>Malpastor Crianza, Miguel Torres, Rioja, ESP<br \/>\n75 cl 36 \u20ac<\/p>\n<p>Ripasso Valpolicella Classico Superiore \u201eCapitel San Rocco\u201c, Tedeschi, Veneto, ITA<br \/>\n75 cl 43 \u20ac<\/p>\n<p>Zinfandel, Ironstone Old Vine, California, USA<br \/>\n75 cl 34 \u20ac<\/p>\n<p>Malbec, La Celia, Pioneer, Uco Valley, ARG<br \/>\n75 cl 36 \u20ac<\/p>\n<h2>ESTONIA RESORT HOTEL &amp; SPA K\u00c4SIT\u00d6\u00d6 BR\u00c4NDIVEINID | BRAND CRAFT WINES<\/h2>\n<hr \/>\n<p><em>\u201eResort Bubbly\u201c,\u00a0<\/em>Rabarberi-vaarika vahuvein \/<br \/>\nRhubarb-raspberry sparkling wine, Mamm&amp;Frukt, P\u00e4rnu, EST<br \/>\n75 cl 25 \u20ac<\/p>\n<p><em>\u201eResort White\u201c <\/em>\u00a0Valge s\u00f5stra vein \/ White currant wine, Mamm&amp;Frukt, P\u00e4rnu, EST<br \/>\n75 cl 25 \u20ac<br \/>\n16 cl 6 \u20ac<\/p>\n<p><em>\u201eResort Red\u201c,<\/em>\u00a0Musts\u00f5stra-aroonia marjavein \/<br \/>\nBlackcurrant-chokeberry wine, Mamm&amp;Frukt, P\u00e4rnu, EST<br \/>\n75 cl 25 \u20ac<br \/>\n16 cl 6 \u20ac<\/p>\n<h2>KODUMAISED VEINID | CRAFT FRUITWINES<\/h2>\n<hr \/>\n<p>Rabarberivein \/ Craft rhubarb wine, Allikukivi Veinim\u00f5is, EST<br \/>\n75 cl 25 \u20ac<br \/>\n16 cl 6 \u20ac<\/p>\n<p>\u00d5una-ebak\u00fcdoonia vein \/ Craft apple-quince wine, Allikukivi Veinim\u00f5is, EST<br \/>\n75 cl 25 \u20ac<br \/>\n16 cl 6 \u20ac<\/p>\n<p>Vaarikavein \/ Craft raspberry wine, Allikukivi Veinim\u00f5is, EST<br \/>\n75 cl 25 \u20ac<br \/>\n16 cl 6 \u20ac<\/p>\n<h2>DESSERTVEIN\/PORTVEIN | DESSERT WINE \/PORT<\/h2>\n<hr \/>\n<p>Furmint Late Harvest, Diszn\u00f2k\u00f6, Tokaji, HU<br \/>\n6 cl 5 \u20ac<\/p>\n<p>Mamm &amp; Frukt Vaarika dessertvein \/ Rasberry dessert wine<br \/>\n8 cl 7 \u20ac<\/p>\n<p>Quinta Do Noval LBV Unfiltered<br \/>\n6 cl 5 \u20ac<\/p>\n<h2>VIIN | VODKA<\/h2>\n<hr \/>\n<p>H\u00f5be Mahe Vodka<br \/>\n4 cl 6 \u20ac<\/p>\n<p>J\u00e4\u00e4 Premium Vodka<br \/>\n4 cl 5 \u20ac<\/p>\n<p>Grey Goose Vodka<br \/>\n4 cl 8 \u20ac<\/p>\n<h2>D\u017dINN | GIN<\/h2>\n<hr \/>\n<p>Tanqueray London Dry Gin<br \/>\n4 cl 6 \u20ac<\/p>\n<p>Junimperium Blended Dry Gin<br \/>\n4 cl 7 \u20ac<\/p>\n<p>Junimperium Sloe Gin<br \/>\n4 cl 7 \u20ac<\/p>\n<p>Junimperium Summer Edition Gin<br \/>\n4 cl 7 \u20ac<\/p>\n<p>Citadelle Gin<br \/>\n4 cl 6 \u20ac<\/p>\n<p>Tanqueray 0.0<br \/>\n4 cl 5 \u20ac<\/p>\n<h2>RUMM | RUM<\/h2>\n<hr \/>\n<p>Ron Santiago de Cuba Carta Blanca<br \/>\n4 cl 6 \u20ac<\/p>\n<p>Ron Santiago de Cuba 8 Y.O.<br \/>\n4 cl 6 \u20ac<\/p>\n<p>Plantation Pineapple Original Dark Rum<br \/>\n4 cl 7 \u20ac<\/p>\n<p>Mount Gay XO<br \/>\n4 cl 8 \u20ac<\/p>\n<h2>TEKIILA &amp; MEZCAL | TEQUILA &amp; MEZCAL<\/h2>\n<hr \/>\n<p>Jose Cuervo Tradicional Silver \/ Jose Cuervo Tradicional Reposado<br \/>\n4 cl 5 \u20ac<\/p>\n<p>Don Julio Blanco \/ Don Julio Reposado<br \/>\n4 cl 9 \u20ac<\/p>\n<p>La Escondida Mezcal<br \/>\n4 cl 8 \u20ac<\/p>\n<h2>GRAPPA | GRAPPA<\/h2>\n<hr \/>\n<p>Fontanafredda Grappa di Barolo Riserva<br \/>\n4 cl 8 \u20ac<\/p>\n<h2>AKVAVIIT | AKVAVIT<\/h2>\n<hr \/>\n<p>Aalborg Jubilaeums Akvavit<br \/>\n4 cl 6 \u20ac<\/p>\n<h2>VISKI | WHISKEY<\/h2>\n<hr \/>\n<p>Glenmorangie 12 YO Original<br \/>\n4 cl 8 \u20ac<\/p>\n<p>Bulleit Bourbon<br \/>\n4 cl 7 \u20ac<\/p>\n<p>Bushmills Original Irish Whisky<br \/>\n4 cl 6 \u20ac<\/p>\n<p>Johnny Walker Black Label Scotch Whiskey<br \/>\n4 cl 7 \u20ac<\/p>\n<p>Kamiki Sakura Wood<br \/>\n4 cl 8 \u20ac<\/p>\n<h2>KONJAK &amp; BR\u00c4NDI | COGNAC &amp; BRANDY<\/h2>\n<hr \/>\n<p>Brandy St Remy<br \/>\n4 cl 5 \u20ac<\/p>\n<p>Hennessy VS<br \/>\n4 cl 7 \u20ac<\/p>\n<p>Hennessy VSOP<br \/>\n4 cl 9 \u20ac<\/p>\n<p>Hennessy XO<br \/>\n4 cl 25 \u20ac<\/p>\n<p>Remy Martin XO<br \/>\n2 cl 16 \u20ac<\/p>\n<h2>KALVADOS | CALVADOS<\/h2>\n<hr \/>\n<p>Boulard Calvados Grand Solage<br \/>\n4 cl 7 \u20ac<\/p>\n<h2>LIK\u00d6\u00d6R | LIQUEUR<\/h2>\n<hr \/>\n<p>Vana Tallinn<br \/>\n4 cl 5 \u20ac<\/p>\n<p>Bailey\u00b4s Irish Cream<br \/>\n4 cl 5 \u20ac<\/p>\n<p>Mr Black Coffee Liqueur<br \/>\n4 cl 5 \u20ac<\/p>\n<p>Shanky`s Whip Black Irish Whiskey Liqueur<br \/>\n4 cl 5 \u20ac<\/p>\n<p>J\u00e4germeister<br \/>\n4 cl 5 \u20ac<\/p>\n<p>Cointreau<br \/>\n4 cl 5 \u20ac<\/p>\n<p>Limoncello<br \/>\n4cl\u00a0 5 \u20ac<\/p>\n<p>Koskenkorva Minttu<br \/>\n4cl\u00a0 5 \u20ac<\/p>\n<p>Koskenkorva Ginger Shot<br \/>\n4cl\u00a0 5 \u20ac<\/p>\n<h2>\u00d5LU | BEER<\/h2>\n<hr \/>\n<p>Alexander 5,2%, A.LeCoq, EST<br \/>\n50 cl 6 \u20ac<\/p>\n<p>Corona Extra 4,5%, MEX<br \/>\n35 cl 5 \u20ac<\/p>\n<p>K\u00f6nig Weissbier 5,5%, DEU<br \/>\n50 cl 6 \u20ac<\/p>\n<p>Imperial Extra Double Stout 7% EST<br \/>\n40 cl 6 \u20ac<\/p>\n<p>Warsteiner 0,0% Non-alcoholic, DEU<br \/>\n33 cl 5 \u20ac<\/p>\n<h2>\u00d5LU VAADIS | DRAFT BEER<\/h2>\n<hr \/>\n<p>A.LeCoq Premium 4,7%, EST<em>\u00a0\u00a0\u00a0\u00a0\u00a0\u00a0\u00a0\u00a0\u00a0\u00a0\u00a0\u00a0\u00a0\u00a0\u00a0\u00a0\u00a0\u00a0\u00a0\u00a0\u00a0\u00a0\u00a0\u00a0\u00a0\u00a0\u00a0\u00a0\u00a0\u00a0\u00a0\u00a0\u00a0\u00a0\u00a0\u00a0\u00a0 <\/em><br \/>\n50 cl 6 \u20ac<br \/>\n30 cl 5 \u20ac<\/p>\n<h2>K\u00c4SIT\u00d6\u00d6\u00d5LU | CRAFT BEER<\/h2>\n<hr \/>\n<p>Pernauer \u201eKuurort\u201c 4,7%, (maja\u00f5lu \/ housebeer), P\u00e4rnu, EST<br \/>\n33 cl 6 \u20ac<\/p>\n<p>Pernauer Lager 5,3%, P\u00e4rnu, EST<br \/>\n33 cl 6 \u20ac<\/p>\n<p>Pernauer Must 4,7%, P\u00e4rnu, EST<br \/>\n33 cl 6 \u20ac<\/p>\n<p>Muruniitja 4,2%, IPA session, \u00d5llenaut, EST<br \/>\n33 cl 6 \u20ac<\/p>\n<p>Must Eksport 7,9%, Baltic Porter, \u00d5llenaut, EST<br \/>\n33 cl 6 \u20ac<\/p>\n<h2>SIIDER | CIDER<\/h2>\n<hr \/>\n<p>Hoggy`s Kuiv \u00d5un\/Pirn \/ Dry Apple\/Pear 4,5%, A.LeCoq<br \/>\n33 cl 4.50 \u20ac<\/p>\n<p>Galipette Cidre Brut 4,5%, gluten free, FRA<br \/>\n33 cl 4,50 \u20ac<\/p>\n<p>Galipette Cidre Rose 4%, gluten free, FRA<br \/>\n33 cl 4,50 \u20ac<\/p>\n<p>Galipette Alcohol Free Cidre, gluten free, FRA<br \/>\n33 cl 4 \u20ac<\/p>\n<p>Long Drink Grapefruit 5,5 %, A.LeCoq<br \/>\n50 cl 6 \u20ac<\/p>\n<h2>NOOT KOKTEILID | NOOT SIGNATURE COCKTAILS<\/h2>\n<hr \/>\n<p>SUMMER MEMORY<br \/>\nRon Santiago hele rumm, banaanip\u00fcree, kookosesiirup, sidrunimahl, roosa greibi limonaad<br \/>\nRon Santiago de Cuba Carta Blanca, banana pure, coconut syrup, lemon juice, pink grapefruit soda<br \/>\n9\u00a0 \u20ac<\/p>\n<p>RESORT SPRITZ<br \/>\nMamm&amp;Frukt vaarikavein, \u201eResort Bubbly\u201c vahuvein, mullivesi<br \/>\nMamm&amp;Frukt raspberry craftwine, \u201eResort Bubbly\u201c sparkling wine, sprakling water<br \/>\n9 \u20ac<\/p>\n<p>NORDIC MARGARITA<br \/>\nJose Cuervo Silver tekiila, Cointreau, laimimahl, musts\u00f5stra p\u00fcree<br \/>\nJose Cuervo Traditional Silver Tequila, Cointreau, limejuice, blackcurrant puree<br \/>\n9 \u20ac<\/p>\n<h2>D\u017dINN&amp;TOONIK | GIN&amp;TONIC<\/h2>\n<hr \/>\n<p>TANQUERAY &amp; TONIC<br \/>\nTanquearay London Dry Gin, Fever-Tree toonik, laim<br \/>\nTanquearay London Dry Gin, Fever-Tree tonic, lime<br \/>\n9 \u20ac<\/p>\n<p>JUNIMPERIUM BLENDED\u00a0 DRY &amp; TONIC<br \/>\nJunimperium Blended Dry Gin\/ Fever-Tree toonik<br \/>\nJunimperium Blended Dry Gin\/ Fever-Tree tonic<br \/>\n10 \u20ac<\/p>\n<p>JUNIMPERIUM SLOE &amp; TONIC<br \/>\nJunimperium Sloe Gin, Fever-Tree toonik<br \/>\nJunimperium Sloe Gin, Fever-Tree tonic<br \/>\n10 \u20ac<\/p>\n<p>JUNIMPERIUM SUMMER\u00a0 EDITION &amp; TONIC<br \/>\nJunimperium Summer Edition Gin, Fever-Tree toonik<br \/>\nJunimperium Summer Edition Gin, Fever-Tree tonic<br \/>\n10 \u20ac<\/p>\n<p>CITADELLE &amp; TONIC<br \/>\nCitadelle Gin, Fever-Tree toonik, sidrunikoor<br \/>\nCitadelle Gin, Fever-Tree tonic, lemon peel<br \/>\n9 \u20ac<\/p>\n<h2>KOKTEILID | COCKTAILS<\/h2>\n<hr \/>\n<p>NEGRONI<br \/>\nLondon Dry Gin, Campari, Martini Riserva Rubino<br \/>\n9 \u20ac<\/p>\n<p>APEROL SPRITZ<br \/>\nAperol, vahuvein, mullivesi<br \/>\nAperol, sparkling wine, sparkling water<br \/>\n9 \u20ac<\/p>\n<p>LEMON SPRITZ<br \/>\nLimoncello, vahuvein, mullivesi<br \/>\nLimoncello, sparkling wine, sparkling water<br \/>\n9 \u20ac<\/p>\n<p>HUGO<br \/>\nVahuvein, leedri\u00f5iesiirup, mullivesi, laim, m\u00fcnt<br \/>\nSparkling wine, elderflower syrup, sparkling water, lime, mynt<br \/>\n9 \u20ac<\/p>\n<p>TOM COLLINS<br \/>\nLondon Dry Gin, mullivesi, sidrunimahl<br \/>\nLondon Dry Gin, sparkling water, lemon juice<br \/>\n9 \u20ac<\/p>\n<p>RHUBARB MOJITO<br \/>\nRon Santiago hele rumm, rabarberip\u00fcree, suhkrusiirup, m\u00fcnt, v\u00e4rske laim<br \/>\nRon Santiago de Cuba Carta Blanca, rhubarb puree, sugra syrup, mint, lime<br \/>\n9.50 \u20ac<\/p>\n<p>PALOMA<br \/>\nJose Cuervo tekiila, greibi limonaad, laimimahl<br \/>\nJose Cuervo Tradicional Silver, pink grapefruit soda, lime juice<br \/>\n9.50 \u20ac<\/p>\n<p>GINGER SOUR<br \/>\nKoskenkorva Ginger Shot, sidrunimahl, munavalge, suhkrusiirup, alkoholivaba ingveri\u00f5lu<br \/>\nKoskenkorva Ginger Shot, lemonjuice, egg-white, sugar syrup, ginger beer<\/p>\n<p>WHISKEY SOUR<br \/>\nBulleit burboon, suhkrusiirup, munavalge, laimimahl<br \/>\nBulleit bourbon, syrup, egg white, limejuice<br \/>\n9.50 \u20ac<\/p>\n<p>ESPRESSO MARTINI<br \/>\nJ\u00e4\u00e4 Premium viin, Mr Black kohvilik\u00f6\u00f6r, espresso, suhkrusiirup<br \/>\nJ\u00e4\u00e4 Premium vodka, Mr Black coffee liqueur, espresso, sugar syrup<br \/>\n9.50 \u20ac<\/p>\n<p>GINGER SOUR<br \/>\nKoskenkorva Ginger Shot, sidrunimahl, munavalge, suhkrusiirup, alkoholivaba ingveri\u00f5lu<br \/>\nKoskenkorva Ginger Shot, lemonjuice, egg-white, sugar syrup, ginger beer<br \/>\n9 \u20ac<\/p>\n<h2>MOKTEILID | MOCKTAILS<\/h2>\n<hr \/>\n<p>GINGER KICK<br \/>\nLaimimahl, apelsinimahl, ingeverisiirup, ingveri\u00f5lu<br \/>\nLime juice, orange juice, ginger syrup, ginger beer<br \/>\n7\u20ac<\/p>\n<p>YUZU SOUR<br \/>\nTanquearay 0.0, Yuzu p\u00fcree, sidrunimahl, suhkrusiirup, munavalge<br \/>\nTanquearay 0.0, Yuzu puree, lemon juice, sugar syrup, egg white<br \/>\n7 \u20ac<\/p>\n<p>HAPPY HUGO<br \/>\nAlkoholivaba vahuvein, leedri\u00f5iesiirup, mullivesi, m\u00fcnt<br \/>\nNon-alcoholic sparkling wine, elderflower syrup, mint<br \/>\n7 \u20ac<\/p>\n<p>RHUBARB FIZZ<br \/>\nTanquearay 0.0, rabarberi siirup, sidrunimahl, alkoholivaba vahuvein, mullivesi<br \/>\nTanquearay 0.0, rhubarb syrup, lemon juice, alcohol free sparkling wine, sparkling water<br \/>\n7 \u20ac<\/p>\n<h2>KARASTUSJOOGID | SOFT DRINKS<\/h2>\n<hr \/>\n<p>Maitsevesi karahvinis \/ Infused water in a carafe<br \/>\n2 \u20ac<\/p>\n<p>Stellar mulliga mineraalvesi \/ Sparkling water, EST<br \/>\n70 cl 4.50 \u20ac<br \/>\n33 cl 2.50 \u20ac<\/p>\n<p>Stellar looduslik allikavesi \/ Still water, EST<br \/>\n70 cl 4.50 \u20ac<br \/>\n33 cl 2.50 \u20ac<\/p>\n<p>Majalimonaad karahvinis \/ Housemade lemonade<br \/>\n100 cl 6 \u20ac<\/p>\n<p>Ingel k\u00e4sit\u00f6\u00f6limonaad, vaarikas\/ananass-sidrunhein \/<br \/>\nCraft lemonade, raspberry\/pineapple-lemongrass, EST<br \/>\n27,5 cl 4 \u20ac<\/p>\n<p>Kvass, kali Imperial, EST<br \/>\n40 cl 3.50 \u20ac<\/p>\n<p>Coca-cola, Coca-cola Zero, Fanta, Sprite<br \/>\n25 cl 3 \u20ac<\/p>\n<p>Fever Tree Tonic\/Ginger Beer, ENG<br \/>\n20 cl 3,50 \u20ac<\/p>\n<p>Three Cents Greibi Limonaad<br \/>\n20 cl 3,50 \u20ac<\/p>\n<p>Mahl \/ Juice<br \/>\n25 cl 3 \u20ac<\/p>\n<p>J\u00e4\u00e4tisekokteil \/ Ice cream cocktail<br \/>\n6 \u20ac<\/p>\n<p>J\u00e4\u00e4kohv, soolakaramell\/vahukomm \/ Ice Coffee, salted caramel\/marshmellow<br \/>\n6 \u20ac<\/p>\n<h2>KUUMAD JOOGID | HOT DRINKS<\/h2>\n<hr \/>\n<p>Tee kannuga \/ Tea in a pot<br \/>\n5 \u20ac<\/p>\n<p>Kakao \/ Cocoa<br \/>\n3.50 \u20ac<\/p>\n<p>Kohv \/ Coffee<br \/>\n3 \u00a0\u20ac<\/p>\n<p>Espresso<br \/>\n3 \u00a0\u20ac<\/p>\n<p>Cappuccino\/ Caff\u00e9 Latte<br \/>\n3.50 \u20ac<\/p>\n<h2>KUUMAD ALKOHOLIGA JOOGID | HOT ALCOHOLIC DRINKS<\/h2>\n<hr \/>\n<p>Iiri kohv \/ Irish coffee<br \/>\nIiri viski, kohv, vahukoor \/ Irish whiskey, coffee, whipped cream<br \/>\n9 \u20ac<\/p>\n<p>Vana Tallinn kohv \/ Vana Tallinn coffee<br \/>\nLik\u00f6\u00f6r Vana Tallinn, kohv, vahukoor \/ Vana Tallinn liqueur, coffee, whipped cream<br \/>\n9 \u20ac<\/p>\n<p>Minttu kakao \/ Minttu hot cocoa drink<br \/>\nLik\u00f6\u00f6r Minttu, kakao, vahukoor \/ Minttu liqueur, cocoa, whipped cream<br \/>\n9 \u20ac<\/p>\n","protected":false},"excerpt":{"rendered":"<p>\u0160AMPANJA | CHAMPAGNE Champagne Moet &amp; Chandon Brut Imperial, FRA 20 cl 29 \u20ac Champagne&hellip;<\/p>\n","protected":false},"author":1,"featured_media":0,"parent":57,"menu_order":0,"comment_status":"closed","ping_status":"open","template":"","meta":{"footnotes":""},"class_list":["post-4894","page","type-page","status-publish","hentry"],"yoast_head":"<!-- This site is optimized with the Yoast SEO plugin v26.7 - https:\/\/yoast.com\/wordpress\/plugins\/seo\/ -->\n<title>Restoran NOOT joogikaart - ESTONIA Resort Hotel Spa<\/title>\n<meta name=\"robots\" content=\"index, follow, max-snippet:-1, max-image-preview:large, max-video-preview:-1\" \/>\n<link rel=\"canonical\" href=\"https:\/\/www.spaestonia.ee\/resort\/restoran-noot\/restoran-noot-joogikaart\/\" \/>\n<meta property=\"og:locale\" content=\"et_EE\" \/>\n<meta property=\"og:type\" content=\"article\" \/>\n<meta property=\"og:title\" content=\"Restoran NOOT joogikaart - ESTONIA Resort Hotel Spa\" \/>\n<meta property=\"og:description\" content=\"\u0160AMPANJA | CHAMPAGNE Champagne Moet &amp; Chandon Brut Imperial, FRA 20 cl 29 \u20ac Champagne&hellip;\" \/>\n<meta property=\"og:url\" content=\"https:\/\/www.spaestonia.ee\/resort\/restoran-noot\/restoran-noot-joogikaart\/\" \/>\n<meta property=\"og:site_name\" content=\"ESTONIA Resort Hotel Spa\" \/>\n<meta property=\"article:publisher\" content=\"https:\/\/www.facebook.com\/EstoniaResortHotel\" \/>\n<meta property=\"article:modified_time\" content=\"2025-11-07T13:21:43+00:00\" \/>\n<meta name=\"twitter:card\" content=\"summary_large_image\" \/>\n<meta name=\"twitter:label1\" content=\"Est. reading time\" \/>\n\t<meta name=\"twitter:data1\" content=\"10 minutit\" \/>\n<script type=\"application\/ld+json\" class=\"yoast-schema-graph\">{\"@context\":\"https:\/\/schema.org\",\"@graph\":[{\"@type\":\"WebPage\",\"@id\":\"https:\/\/www.spaestonia.ee\/resort\/restoran-noot\/restoran-noot-joogikaart\/\",\"url\":\"https:\/\/www.spaestonia.ee\/resort\/restoran-noot\/restoran-noot-joogikaart\/\",\"name\":\"Restoran NOOT joogikaart - ESTONIA Resort Hotel Spa\",\"isPartOf\":{\"@id\":\"https:\/\/www.spaestonia.ee\/resort\/#website\"},\"datePublished\":\"2015-11-11T11:38:10+00:00\",\"dateModified\":\"2025-11-07T13:21:43+00:00\",\"breadcrumb\":{\"@id\":\"https:\/\/www.spaestonia.ee\/resort\/restoran-noot\/restoran-noot-joogikaart\/#breadcrumb\"},\"inLanguage\":\"et\",\"potentialAction\":[{\"@type\":\"ReadAction\",\"target\":[\"https:\/\/www.spaestonia.ee\/resort\/restoran-noot\/restoran-noot-joogikaart\/\"]}]},{\"@type\":\"BreadcrumbList\",\"@id\":\"https:\/\/www.spaestonia.ee\/resort\/restoran-noot\/restoran-noot-joogikaart\/#breadcrumb\",\"itemListElement\":[{\"@type\":\"ListItem\",\"position\":1,\"name\":\"Home\",\"item\":\"https:\/\/www.spaestonia.ee\/resort\/\"},{\"@type\":\"ListItem\",\"position\":2,\"name\":\"Restoran NOOT\",\"item\":\"https:\/\/www.spaestonia.ee\/resort\/restoran-noot\/\"},{\"@type\":\"ListItem\",\"position\":3,\"name\":\"Restoran NOOT joogikaart\"}]},{\"@type\":\"WebSite\",\"@id\":\"https:\/\/www.spaestonia.ee\/resort\/#website\",\"url\":\"https:\/\/www.spaestonia.ee\/resort\/\",\"name\":\"ESTONIA Resort Hotel Spa\",\"description\":\"Your destination in P\u00e4rnu for wellness and events\",\"publisher\":{\"@id\":\"https:\/\/www.spaestonia.ee\/resort\/#organization\"},\"potentialAction\":[{\"@type\":\"SearchAction\",\"target\":{\"@type\":\"EntryPoint\",\"urlTemplate\":\"https:\/\/www.spaestonia.ee\/resort\/?s={search_term_string}\"},\"query-input\":{\"@type\":\"PropertyValueSpecification\",\"valueRequired\":true,\"valueName\":\"search_term_string\"}}],\"inLanguage\":\"et\"},{\"@type\":\"Organization\",\"@id\":\"https:\/\/www.spaestonia.ee\/resort\/#organization\",\"name\":\"ESTONIA Resort Hotel Spa\",\"url\":\"https:\/\/www.spaestonia.ee\/resort\/\",\"logo\":{\"@type\":\"ImageObject\",\"inLanguage\":\"et\",\"@id\":\"https:\/\/www.spaestonia.ee\/resort\/#\/schema\/logo\/image\/\",\"url\":\"https:\/\/www.spaestonia.ee\/resort\/wp-content\/uploads\/2025\/02\/resort-hotel-estonia.png\",\"contentUrl\":\"https:\/\/www.spaestonia.ee\/resort\/wp-content\/uploads\/2025\/02\/resort-hotel-estonia.png\",\"width\":400,\"height\":173,\"caption\":\"ESTONIA Resort Hotel Spa\"},\"image\":{\"@id\":\"https:\/\/www.spaestonia.ee\/resort\/#\/schema\/logo\/image\/\"},\"sameAs\":[\"https:\/\/www.facebook.com\/EstoniaResortHotel\"]}]}<\/script>\n<!-- \/ Yoast SEO plugin. -->","yoast_head_json":{"title":"Restoran NOOT joogikaart - ESTONIA Resort Hotel Spa","robots":{"index":"index","follow":"follow","max-snippet":"max-snippet:-1","max-image-preview":"max-image-preview:large","max-video-preview":"max-video-preview:-1"},"canonical":"https:\/\/www.spaestonia.ee\/resort\/restoran-noot\/restoran-noot-joogikaart\/","og_locale":"et_EE","og_type":"article","og_title":"Restoran NOOT joogikaart - ESTONIA Resort Hotel Spa","og_description":"\u0160AMPANJA | CHAMPAGNE Champagne Moet &amp; Chandon Brut Imperial, FRA 20 cl 29 \u20ac Champagne&hellip;","og_url":"https:\/\/www.spaestonia.ee\/resort\/restoran-noot\/restoran-noot-joogikaart\/","og_site_name":"ESTONIA Resort Hotel Spa","article_publisher":"https:\/\/www.facebook.com\/EstoniaResortHotel","article_modified_time":"2025-11-07T13:21:43+00:00","twitter_card":"summary_large_image","twitter_misc":{"Est. reading time":"10 minutit"},"schema":{"@context":"https:\/\/schema.org","@graph":[{"@type":"WebPage","@id":"https:\/\/www.spaestonia.ee\/resort\/restoran-noot\/restoran-noot-joogikaart\/","url":"https:\/\/www.spaestonia.ee\/resort\/restoran-noot\/restoran-noot-joogikaart\/","name":"Restoran NOOT joogikaart - ESTONIA Resort Hotel Spa","isPartOf":{"@id":"https:\/\/www.spaestonia.ee\/resort\/#website"},"datePublished":"2015-11-11T11:38:10+00:00","dateModified":"2025-11-07T13:21:43+00:00","breadcrumb":{"@id":"https:\/\/www.spaestonia.ee\/resort\/restoran-noot\/restoran-noot-joogikaart\/#breadcrumb"},"inLanguage":"et","potentialAction":[{"@type":"ReadAction","target":["https:\/\/www.spaestonia.ee\/resort\/restoran-noot\/restoran-noot-joogikaart\/"]}]},{"@type":"BreadcrumbList","@id":"https:\/\/www.spaestonia.ee\/resort\/restoran-noot\/restoran-noot-joogikaart\/#breadcrumb","itemListElement":[{"@type":"ListItem","position":1,"name":"Home","item":"https:\/\/www.spaestonia.ee\/resort\/"},{"@type":"ListItem","position":2,"name":"Restoran NOOT","item":"https:\/\/www.spaestonia.ee\/resort\/restoran-noot\/"},{"@type":"ListItem","position":3,"name":"Restoran NOOT joogikaart"}]},{"@type":"WebSite","@id":"https:\/\/www.spaestonia.ee\/resort\/#website","url":"https:\/\/www.spaestonia.ee\/resort\/","name":"ESTONIA Resort Hotel Spa","description":"Your destination in P\u00e4rnu for wellness and events","publisher":{"@id":"https:\/\/www.spaestonia.ee\/resort\/#organization"},"potentialAction":[{"@type":"SearchAction","target":{"@type":"EntryPoint","urlTemplate":"https:\/\/www.spaestonia.ee\/resort\/?s={search_term_string}"},"query-input":{"@type":"PropertyValueSpecification","valueRequired":true,"valueName":"search_term_string"}}],"inLanguage":"et"},{"@type":"Organization","@id":"https:\/\/www.spaestonia.ee\/resort\/#organization","name":"ESTONIA Resort Hotel Spa","url":"https:\/\/www.spaestonia.ee\/resort\/","logo":{"@type":"ImageObject","inLanguage":"et","@id":"https:\/\/www.spaestonia.ee\/resort\/#\/schema\/logo\/image\/","url":"https:\/\/www.spaestonia.ee\/resort\/wp-content\/uploads\/2025\/02\/resort-hotel-estonia.png","contentUrl":"https:\/\/www.spaestonia.ee\/resort\/wp-content\/uploads\/2025\/02\/resort-hotel-estonia.png","width":400,"height":173,"caption":"ESTONIA Resort Hotel Spa"},"image":{"@id":"https:\/\/www.spaestonia.ee\/resort\/#\/schema\/logo\/image\/"},"sameAs":["https:\/\/www.facebook.com\/EstoniaResortHotel"]}]}},"_links":{"self":[{"href":"https:\/\/www.spaestonia.ee\/resort\/wp-json\/wp\/v2\/pages\/4894","targetHints":{"allow":["GET"]}}],"collection":[{"href":"https:\/\/www.spaestonia.ee\/resort\/wp-json\/wp\/v2\/pages"}],"about":[{"href":"https:\/\/www.spaestonia.ee\/resort\/wp-json\/wp\/v2\/types\/page"}],"author":[{"embeddable":true,"href":"https:\/\/www.spaestonia.ee\/resort\/wp-json\/wp\/v2\/users\/1"}],"replies":[{"embeddable":true,"href":"https:\/\/www.spaestonia.ee\/resort\/wp-json\/wp\/v2\/comments?post=4894"}],"version-history":[{"count":99,"href":"https:\/\/www.spaestonia.ee\/resort\/wp-json\/wp\/v2\/pages\/4894\/revisions"}],"predecessor-version":[{"id":45570,"href":"https:\/\/www.spaestonia.ee\/resort\/wp-json\/wp\/v2\/pages\/4894\/revisions\/45570"}],"up":[{"embeddable":true,"href":"https:\/\/www.spaestonia.ee\/resort\/wp-json\/wp\/v2\/pages\/57"}],"wp:attachment":[{"href":"https:\/\/www.spaestonia.ee\/resort\/wp-json\/wp\/v2\/media?parent=4894"}],"curies":[{"name":"wp","href":"https:\/\/api.w.org\/{rel}","templated":true}]}}